{"id":2,"date":"2016-03-15T20:19:44","date_gmt":"2016-03-15T20:19:44","guid":{"rendered":"https:\/\/educacao.ufpr.br\/dtfe\/?page_id=2"},"modified":"2016-05-08T16:33:30","modified_gmt":"2016-05-08T19:33:30","slug":"pagina-exemplo","status":"publish","type":"page","link":"https:\/\/educacao.ufpr.br\/dtfe\/pagina-exemplo\/","title":{"rendered":"Docentes"},"content":{"rendered":"<p>&nbsp;<\/p>\n<table style=\"height: 3312px\" width=\"467\">\n<tbody>\n<tr>\n<td width=\"247\"><strong>Docente<\/strong><\/td>\n<td width=\"299\"><strong>E-mail<\/strong><\/td>\n<\/tr>\n<tr>\n<td width=\"247\"><a href=\"http:\/\/lattes.cnpq.br\/0241120305951809\">Am\u00e9rico Agostinho Rodrigues Walger<\/a><\/td>\n<td width=\"299\"><\/td>\n<\/tr>\n<tr>\n<td width=\"247\"><a href=\"http:\/\/lattes.cnpq.br\/3846360539727867\">Carlos Eduardo Vieira<\/a><\/td>\n<td width=\"299\"><\/td>\n<\/tr>\n<tr>\n<td width=\"247\"><a href=\"http:\/\/lattes.cnpq.br\/1778417269714332\">Carolina Dos Anjos de Borba<\/a><\/td>\n<td width=\"299\"><\/td>\n<\/tr>\n<tr>\n<td width=\"247\"><a href=\"http:\/\/lattes.cnpq.br\/8831885326557678\">Clara Brener Mindal<\/a><\/td>\n<td width=\"299\"><\/td>\n<\/tr>\n<tr>\n<td width=\"247\"><a href=\"http:\/\/lattes.cnpq.br\/7887221850970408\">Cl\u00e1udio de S\u00e1 Machado J\u00fanior<\/a><\/td>\n<td width=\"299\"><\/td>\n<\/tr>\n<tr>\n<td width=\"247\"><a href=\"http:\/\/lattes.cnpq.br\/9451522140564837\">Cristina Frutuoso Teixeira<\/a><\/td>\n<td width=\"299\"><\/td>\n<\/tr>\n<tr>\n<td width=\"247\"><a href=\"http:\/\/lattes.cnpq.br\/9107299093400513\">Delcio Junkes<\/a><\/td>\n<td width=\"299\"><\/td>\n<\/tr>\n<tr>\n<td width=\"247\"><a href=\"http:\/\/lattes.cnpq.br\/4013785274371279\">Elisabeth Christmann Ramos<\/a><\/td>\n<td width=\"299\"><\/td>\n<\/tr>\n<tr>\n<td width=\"247\"><a href=\"http:\/\/lattes.cnpq.br\/9894180156308466\">\u00c9rica Piovam de Ulhoa Cintra<\/a><\/td>\n<td width=\"299\"><\/td>\n<\/tr>\n<tr>\n<td width=\"247\"><a href=\"http:\/\/lattes.cnpq.br\/2106682816551234\">Gelson Jo\u00e3o Tesser<\/a><\/td>\n<td width=\"299\"><\/td>\n<\/tr>\n<tr>\n<td width=\"247\"><a href=\"http:\/\/lattes.cnpq.br\/9669620468072403\">Helga Loos<\/a><\/td>\n<td width=\"299\"><\/td>\n<\/tr>\n<tr>\n<td width=\"247\"><a href=\"http:\/\/lattes.cnpq.br\/5815233970479685\">Iasmin Zanchi Boueri<\/a><\/td>\n<td width=\"299\"><\/td>\n<\/tr>\n<tr>\n<td width=\"247\"><a href=\"http:\/\/lattes.cnpq.br\/5908117412753986\">Josafa Moreira da Cunha<\/a><\/td>\n<td width=\"299\"><\/td>\n<\/tr>\n<tr>\n<td width=\"247\"><a href=\"http:\/\/lattes.cnpq.br\/6252811777803472\">Karen Franklin da Silva<\/a><\/td>\n<td width=\"299\"><\/td>\n<\/tr>\n<tr>\n<td width=\"247\"><a href=\"http:\/\/lattes.cnpq.br\/2524523522288002\">Leandro Kruszielski<\/a><\/td>\n<td width=\"299\"><\/td>\n<\/tr>\n<tr>\n<td width=\"247\"><a href=\"http:\/\/lattes.cnpq.br\/0581857122748248\">Lennita Oliveira Ruggi<\/a><\/td>\n<td width=\"299\"><\/td>\n<\/tr>\n<tr>\n<td width=\"247\"><a href=\"http:\/\/lattes.cnpq.br\/5424983017863138\">Liane Maria Bertucci<\/a><\/td>\n<td width=\"299\"><\/td>\n<\/tr>\n<tr>\n<td width=\"247\"><a href=\"http:\/\/lattes.cnpq.br\/7167091881602158\">Luciana Ribeiro Pinheiro<\/a><\/td>\n<td width=\"299\"><\/td>\n<\/tr>\n<tr>\n<td width=\"247\"><a href=\"http:\/\/lattes.cnpq.br\/2831847079827819\">Marcus Levy Albino Bencostta<\/a><\/td>\n<td width=\"299\"><\/td>\n<\/tr>\n<tr>\n<td width=\"247\"><a href=\"http:\/\/lattes.cnpq.br\/4833583615432124\">Maria Augusta Bolsanello<\/a><\/td>\n<td width=\"299\"><\/td>\n<\/tr>\n<tr>\n<td width=\"247\"><a href=\"http:\/\/lattes.cnpq.br\/1698599095506055\">Maria de F\u00e1tima Joaquim Minetto<\/a><\/td>\n<td width=\"299\"><\/td>\n<\/tr>\n<tr>\n<td width=\"247\"><a href=\"http:\/\/lattes.cnpq.br\/4983108112468250\">Maria de F\u00e1tima Quintal Freitas<\/a><\/td>\n<td width=\"299\"><\/td>\n<\/tr>\n<tr>\n<td width=\"247\"><a href=\"http:\/\/lattes.cnpq.br\/1248532758763982\">Marta Pinheiro<\/a><\/td>\n<td width=\"299\"><\/td>\n<\/tr>\n<tr>\n<td width=\"247\"><a href=\"http:\/\/lattes.cnpq.br\/3647856861002877\">Paulo Vin\u00edcius Baptista da Silva<\/a><\/td>\n<td width=\"299\"><\/td>\n<\/tr>\n<tr>\n<td width=\"247\"><a href=\"http:\/\/lattes.cnpq.br\/3803195631743386\">Samara Mendes Ara\u00fajo Silva<\/a><\/td>\n<td width=\"299\"><\/td>\n<\/tr>\n<tr>\n<td width=\"247\"><a href=\"http:\/\/lattes.cnpq.br\/2741990534648615\">Sandra Regina Dias da Costa<\/a><\/td>\n<td width=\"299\"><\/td>\n<\/tr>\n<tr>\n<td width=\"247\"><a href=\"http:\/\/lattes.cnpq.br\/3489567856663932\">Sonia Regina Landini<\/a><\/td>\n<td width=\"299\"><\/td>\n<\/tr>\n<tr>\n<td width=\"247\"><a href=\"http:\/\/lattes.cnpq.br\/2570225428889640\">Sueli de F\u00e1tima Fernandes da Luz<\/a><\/td>\n<td width=\"299\"><\/td>\n<\/tr>\n<tr>\n<td width=\"247\"><a href=\"http:\/\/lattes.cnpq.br\/1212068631918217\">Suzane Schmidlin L\u00f6hr<\/a><\/td>\n<td width=\"299\"><\/td>\n<\/tr>\n<tr>\n<td width=\"247\"><a href=\"http:\/\/lattes.cnpq.br\/8846318744496158\">Tamara da Silveira Valente<\/a><\/td>\n<td width=\"299\"><\/td>\n<\/tr>\n<tr>\n<td width=\"247\"><a href=\"http:\/\/lattes.cnpq.br\/6838853493819560\">Tania Stoltz<\/a><\/td>\n<td width=\"299\"><\/td>\n<\/tr>\n<tr>\n<td width=\"247\"><a href=\"http:\/\/lattes.cnpq.br\/0909960382435383\">Udo Baldur Moosburger<\/a><\/td>\n<td width=\"299\"><\/td>\n<\/tr>\n<tr>\n<td width=\"247\"><a href=\"http:\/\/lattes.cnpq.br\/7232940284420582\">Val\u00e9ria Floriano Machado<\/a><\/td>\n<td width=\"299\"><\/td>\n<\/tr>\n<tr>\n<td width=\"247\"><a href=\"http:\/\/lattes.cnpq.br\/7811310243022682\">Val\u00e9ria L\u00fcders<\/a><\/td>\n<td width=\"299\"><\/td>\n<\/tr>\n<tr>\n<td width=\"247\"><a href=\"http:\/\/lattes.cnpq.br\/1368986864008025\">Yanina Micaela Sammarco<\/a><\/td>\n<td width=\"299\"><\/td>\n<\/tr>\n<\/tbody>\n<\/table>\n","protected":false},"excerpt":{"rendered":"<p>&nbsp; Docente E-mail Am\u00e9rico Agostinho Rodrigues Walger Carlos Eduardo Vieira Carolina Dos Anjos de Borba Clara Brener Mindal Cl\u00e1udio de S\u00e1 Machado J\u00fanior Cristina Frutuoso Teixeira Delcio Junkes Elisabeth Christmann Ramos \u00c9rica Piovam de Ulhoa Cintra Gelson Jo\u00e3o Tesser Helga &hellip; <a href=\"https:\/\/educacao.ufpr.br\/dtfe\/pagina-exemplo\/\">Continue lendo <span class=\"meta-nav\">&rarr;<\/span><\/a><\/p>\n","protected":false},"author":1,"featured_media":0,"parent":0,"menu_order":0,"comment_status":"closed","ping_status":"open","template":"","meta":{"_acf_changed":false,"footnotes":""},"class_list":["post-2","page","type-page","status-publish","hentry"],"acf":[],"_links":{"self":[{"href":"https:\/\/educacao.ufpr.br\/dtfe\/wp-json\/wp\/v2\/pages\/2","targetHints":{"allow":["GET"]}}],"collection":[{"href":"https:\/\/educacao.ufpr.br\/dtfe\/wp-json\/wp\/v2\/pages"}],"about":[{"href":"https:\/\/educacao.ufpr.br\/dtfe\/wp-json\/wp\/v2\/types\/page"}],"author":[{"embeddable":true,"href":"https:\/\/educacao.ufpr.br\/dtfe\/wp-json\/wp\/v2\/users\/1"}],"replies":[{"embeddable":true,"href":"https:\/\/educacao.ufpr.br\/dtfe\/wp-json\/wp\/v2\/comments?post=2"}],"version-history":[{"count":6,"href":"https:\/\/educacao.ufpr.br\/dtfe\/wp-json\/wp\/v2\/pages\/2\/revisions"}],"predecessor-version":[{"id":48,"href":"https:\/\/educacao.ufpr.br\/dtfe\/wp-json\/wp\/v2\/pages\/2\/revisions\/48"}],"wp:attachment":[{"href":"https:\/\/educacao.ufpr.br\/dtfe\/wp-json\/wp\/v2\/media?parent=2"}],"curies":[{"name":"wp","href":"https:\/\/api.w.org\/{rel}","templated":true}]}}