{"id":111,"date":"2023-08-02T11:05:44","date_gmt":"2023-08-02T14:05:44","guid":{"rendered":"https:\/\/educacao.ufpr.br\/ensinodehistoria\/?page_id=111"},"modified":"2023-08-02T11:10:06","modified_gmt":"2023-08-02T14:10:06","slug":"livros-e-materiais-didaticos","status":"publish","type":"page","link":"https:\/\/educacao.ufpr.br\/ensinodehistoria\/livros-e-materiais-didaticos\/","title":{"rendered":"Livros e Materiais Did\u00e1ticos"},"content":{"rendered":"\t\t<div data-elementor-type=\"wp-page\" data-elementor-id=\"111\" class=\"elementor elementor-111\">\n\t\t\t\t\t\t<section class=\"elementor-section elementor-top-section elementor-element elementor-element-5d6244b9 elementor-section-boxed elementor-section-height-default elementor-section-height-default\" data-id=\"5d6244b9\" data-element_type=\"section\">\n\t\t\t\t\t\t<div class=\"elementor-container elementor-column-gap-default\">\n\t\t\t\t\t<div class=\"elementor-column elementor-col-33 elementor-top-column elementor-element elementor-element-6fd13005\" data-id=\"6fd13005\" data-element_type=\"column\">\n\t\t\t<div class=\"elementor-widget-wrap elementor-element-populated\">\n\t\t\t\t\t\t<div class=\"elementor-element elementor-element-29aa0a63 elementor-widget elementor-widget-image\" data-id=\"29aa0a63\" data-element_type=\"widget\" data-widget_type=\"image.default\">\n\t\t\t\t<div class=\"elementor-widget-container\">\n\t\t\t\t\t\t\t\t\t\t\t\t<figure class=\"wp-caption\">\n\t\t\t\t\t\t\t\t\t\t\t<a href=\"http:\/\/www.dominiopublico.gov.br\/pesquisa\/PesquisaObraForm.jsp\" target=\"_blank\">\n\t\t\t\t\t\t\t<img decoding=\"async\" src=\"https:\/\/educacao.ufpr.br\/wp-content\/uploads\/2022\/09\/image_preview.jpg\" title=\"\" alt=\"\" loading=\"lazy\" \/>\t\t\t\t\t\t\t\t<\/a>\n\t\t\t\t\t\t\t\t\t\t\t<figcaption class=\"widget-image-caption wp-caption-text\">A plataforma dom\u00ednio p\u00fablico disponibiliza diversas obras escritas sem direitos autorais. Dentre essas existem v\u00e1rios livros e cartilhas did\u00e1ticas voltadas ao ensino de hist\u00f3ria para o fundamental e m\u00e9dio, como por exemplo a grande cole\u00e7\u00e3o \u201cHist\u00f3ria Geral da \u00c1frica\u201d elaborada pela Unesco. <\/figcaption>\n\t\t\t\t\t\t\t\t\t\t<\/figure>\n\t\t\t\t\t\t\t\t\t<\/div>\n\t\t\t\t<\/div>\n\t\t\t\t\t<\/div>\n\t\t<\/div>\n\t\t\t\t<div class=\"elementor-column elementor-col-33 elementor-top-column elementor-element elementor-element-7dde88f6\" data-id=\"7dde88f6\" data-element_type=\"column\">\n\t\t\t<div class=\"elementor-widget-wrap elementor-element-populated\">\n\t\t\t\t\t\t<div class=\"elementor-element elementor-element-7a2ac8d5 elementor-widget elementor-widget-image\" data-id=\"7a2ac8d5\" data-element_type=\"widget\" data-widget_type=\"image.default\">\n\t\t\t\t<div class=\"elementor-widget-container\">\n\t\t\t\t\t\t\t\t\t\t\t\t<figure class=\"wp-caption\">\n\t\t\t\t\t\t\t\t\t\t\t<a href=\"https:\/\/issuu.com\/editoraftd\" target=\"_blank\">\n\t\t\t\t\t\t\t<img fetchpriority=\"high\" decoding=\"async\" width=\"600\" height=\"508\" src=\"https:\/\/educacao.ufpr.br\/ensinodehistoria\/wp-content\/uploads\/sites\/15\/2023\/08\/issuu_logo.png\" class=\"attachment-large size-large wp-image-113\" alt=\"\" srcset=\"https:\/\/educacao.ufpr.br\/ensinodehistoria\/wp-content\/uploads\/sites\/15\/2023\/08\/issuu_logo.png 600w, https:\/\/educacao.ufpr.br\/ensinodehistoria\/wp-content\/uploads\/sites\/15\/2023\/08\/issuu_logo-300x254.png 300w, https:\/\/educacao.ufpr.br\/ensinodehistoria\/wp-content\/uploads\/sites\/15\/2023\/08\/issuu_logo-118x100.png 118w, https:\/\/educacao.ufpr.br\/ensinodehistoria\/wp-content\/uploads\/sites\/15\/2023\/08\/issuu_logo-67x57.png 67w\" sizes=\"(max-width: 600px) 100vw, 600px\" \/>\t\t\t\t\t\t\t\t<\/a>\n\t\t\t\t\t\t\t\t\t\t\t<figcaption class=\"widget-image-caption wp-caption-text\">Issuu \u00e9 uma plataforma para a divulga\u00e7\u00e3o e leitura de PDFs na forma de livros. A p\u00e1gina da editora FTD dentro do site disponibiliza diversos livros did\u00e1ticos (manual do professor), cartilhas e livros, com conte\u00fados do fundamental at\u00e9 o ensino m\u00e9dio.<\/figcaption>\n\t\t\t\t\t\t\t\t\t\t<\/figure>\n\t\t\t\t\t\t\t\t\t<\/div>\n\t\t\t\t<\/div>\n\t\t\t\t\t<\/div>\n\t\t<\/div>\n\t\t\t\t<div class=\"elementor-column elementor-col-33 elementor-top-column elementor-element elementor-element-7132aa69\" data-id=\"7132aa69\" data-element_type=\"column\">\n\t\t\t<div class=\"elementor-widget-wrap elementor-element-populated\">\n\t\t\t\t\t\t<div class=\"elementor-element elementor-element-3284cc9 elementor-widget elementor-widget-image\" data-id=\"3284cc9\" data-element_type=\"widget\" data-widget_type=\"image.default\">\n\t\t\t\t<div class=\"elementor-widget-container\">\n\t\t\t\t\t\t\t\t\t\t\t\t<figure class=\"wp-caption\">\n\t\t\t\t\t\t\t\t\t\t\t<a href=\"https:\/\/www.sohistoria.com.br\/livros\/\" target=\"_blank\">\n\t\t\t\t\t\t\t<img decoding=\"async\" width=\"130\" height=\"108\" src=\"https:\/\/educacao.ufpr.br\/ensinodehistoria\/wp-content\/uploads\/sites\/15\/2023\/08\/logo_sohistoria.png\" class=\"attachment-large size-large wp-image-114\" alt=\"\" srcset=\"https:\/\/educacao.ufpr.br\/ensinodehistoria\/wp-content\/uploads\/sites\/15\/2023\/08\/logo_sohistoria.png 130w, https:\/\/educacao.ufpr.br\/ensinodehistoria\/wp-content\/uploads\/sites\/15\/2023\/08\/logo_sohistoria-120x100.png 120w, https:\/\/educacao.ufpr.br\/ensinodehistoria\/wp-content\/uploads\/sites\/15\/2023\/08\/logo_sohistoria-69x57.png 69w\" sizes=\"(max-width: 130px) 100vw, 130px\" \/>\t\t\t\t\t\t\t\t<\/a>\n\t\t\t\t\t\t\t\t\t\t\t<figcaption class=\"widget-image-caption wp-caption-text\">O S\u00f3 Hist\u00f3ria \u00e9 uma das plataformas da rede educacional do grupo Virtuous, que desenvolve sites com conte\u00fados diversos e gratuitos. Este site oferece conte\u00fados voltados para a \u00e1rea de hist\u00f3ria, al\u00e9m de disponibilizar uma lista pr\u00f3pria de livros did\u00e1ticos recomendados para o ensino fundamental e m\u00e9dio. Juntamente com os livros did\u00e1ticos recomendados acompanha uma breve explica\u00e7\u00e3o de como o material foi elaborado e qual seu objetivo. <\/figcaption>\n\t\t\t\t\t\t\t\t\t\t<\/figure>\n\t\t\t\t\t\t\t\t\t<\/div>\n\t\t\t\t<\/div>\n\t\t\t\t\t<\/div>\n\t\t<\/div>\n\t\t\t\t\t<\/div>\n\t\t<\/section>\n\t\t\t\t<\/div>\n\t\t","protected":false},"excerpt":{"rendered":"<p>A plataforma dom\u00ednio p\u00fablico disponibiliza diversas obras escritas sem direitos autorais. Dentre essas existem v\u00e1rios livros e cartilhas did\u00e1ticas voltadas ao ensino de hist\u00f3ria para [&hellip;]<\/p>\n","protected":false},"author":1081,"featured_media":0,"parent":0,"menu_order":0,"comment_status":"closed","ping_status":"closed","template":"","meta":{"_acf_changed":false,"footnotes":""},"class_list":["post-111","page","type-page","status-publish","hentry"],"acf":[],"_links":{"self":[{"href":"https:\/\/educacao.ufpr.br\/ensinodehistoria\/wp-json\/wp\/v2\/pages\/111","targetHints":{"allow":["GET"]}}],"collection":[{"href":"https:\/\/educacao.ufpr.br\/ensinodehistoria\/wp-json\/wp\/v2\/pages"}],"about":[{"href":"https:\/\/educacao.ufpr.br\/ensinodehistoria\/wp-json\/wp\/v2\/types\/page"}],"author":[{"embeddable":true,"href":"https:\/\/educacao.ufpr.br\/ensinodehistoria\/wp-json\/wp\/v2\/users\/1081"}],"replies":[{"embeddable":true,"href":"https:\/\/educacao.ufpr.br\/ensinodehistoria\/wp-json\/wp\/v2\/comments?post=111"}],"version-history":[{"count":4,"href":"https:\/\/educacao.ufpr.br\/ensinodehistoria\/wp-json\/wp\/v2\/pages\/111\/revisions"}],"predecessor-version":[{"id":120,"href":"https:\/\/educacao.ufpr.br\/ensinodehistoria\/wp-json\/wp\/v2\/pages\/111\/revisions\/120"}],"wp:attachment":[{"href":"https:\/\/educacao.ufpr.br\/ensinodehistoria\/wp-json\/wp\/v2\/media?parent=111"}],"curies":[{"name":"wp","href":"https:\/\/api.w.org\/{rel}","templated":true}]}}