{"id":135,"date":"2023-08-02T11:22:16","date_gmt":"2023-08-02T14:22:16","guid":{"rendered":"https:\/\/educacao.ufpr.br\/ensinodehistoria\/?page_id=135"},"modified":"2023-08-25T13:06:21","modified_gmt":"2023-08-25T16:06:21","slug":"filmes-series-e-documentarios","status":"publish","type":"page","link":"https:\/\/educacao.ufpr.br\/ensinodehistoria\/filmes-series-e-documentarios\/","title":{"rendered":"Filmes, S\u00e9ries e Document\u00e1rios"},"content":{"rendered":"\t\t<div data-elementor-type=\"wp-page\" data-elementor-id=\"135\" class=\"elementor elementor-135\">\n\t\t\t\t\t\t<section class=\"elementor-section elementor-top-section elementor-element elementor-element-7fb1afec elementor-section-boxed elementor-section-height-default elementor-section-height-default\" data-id=\"7fb1afec\" data-element_type=\"section\">\n\t\t\t\t\t\t<div class=\"elementor-container elementor-column-gap-default\">\n\t\t\t\t\t<div class=\"elementor-column elementor-col-25 elementor-top-column elementor-element elementor-element-18b1f8a5\" data-id=\"18b1f8a5\" data-element_type=\"column\">\n\t\t\t<div class=\"elementor-widget-wrap\">\n\t\t\t\t\t\t\t<\/div>\n\t\t<\/div>\n\t\t\t\t<div class=\"elementor-column elementor-col-25 elementor-top-column elementor-element elementor-element-2ac6bbfe\" data-id=\"2ac6bbfe\" data-element_type=\"column\">\n\t\t\t<div class=\"elementor-widget-wrap elementor-element-populated\">\n\t\t\t\t\t\t<div class=\"elementor-element elementor-element-19269833 elementor-widget elementor-widget-image\" data-id=\"19269833\" data-element_type=\"widget\" data-widget_type=\"image.default\">\n\t\t\t\t<div class=\"elementor-widget-container\">\n\t\t\t\t\t\t\t\t\t\t\t\t<figure class=\"wp-caption\">\n\t\t\t\t\t\t\t\t\t\t\t<a href=\"https:\/\/www.netflix.com\/watch\/81091387?trackId=255824129&#038;tctx=0%2C0%2CNAPA%40%40%7C1051d6a9-c772-490a-abaa-b7426f9abb02-34412677_titles%2F1%2F%2Fguerras%2F0%2F0%2CNAPA%40%40%7C1051d6a9-c772-490a-abaa-b7426f9abb02-34412677_titles%2F1%2F%2Fguerras%2F0%2F0%2Cunknown%2C%2C1051d6a9-c772-490a-abaa-b7426f9abb02-34412677%7C1%2CtitlesResults%\">\n\t\t\t\t\t\t\t<img fetchpriority=\"high\" decoding=\"async\" width=\"800\" height=\"445\" src=\"https:\/\/educacao.ufpr.br\/ensinodehistoria\/wp-content\/uploads\/sites\/15\/2023\/08\/guerras-do-brasil.jpg\" class=\"attachment-large size-large wp-image-137\" alt=\"\" srcset=\"https:\/\/educacao.ufpr.br\/ensinodehistoria\/wp-content\/uploads\/sites\/15\/2023\/08\/guerras-do-brasil.jpg 800w, https:\/\/educacao.ufpr.br\/ensinodehistoria\/wp-content\/uploads\/sites\/15\/2023\/08\/guerras-do-brasil-300x167.jpg 300w, https:\/\/educacao.ufpr.br\/ensinodehistoria\/wp-content\/uploads\/sites\/15\/2023\/08\/guerras-do-brasil-768x427.jpg 768w, https:\/\/educacao.ufpr.br\/ensinodehistoria\/wp-content\/uploads\/sites\/15\/2023\/08\/guerras-do-brasil-145x81.jpg 145w, https:\/\/educacao.ufpr.br\/ensinodehistoria\/wp-content\/uploads\/sites\/15\/2023\/08\/guerras-do-brasil-75x42.jpg 75w\" sizes=\"(max-width: 800px) 100vw, 800px\" \/>\t\t\t\t\t\t\t\t<\/a>\n\t\t\t\t\t\t\t\t\t\t\t<figcaption class=\"widget-image-caption wp-caption-text\">Document\u00e1rio que trata de maneira cr\u00edtica conflitos no Brasil, abordando temas que v\u00e3o da luta contra os ind\u00edgenas no s\u00e9culo XVI, aspectos da luta anti-escravista at\u00e9  conflito contempor\u00e2neo envolvendo a guerra \u00e0s drogas<\/figcaption>\n\t\t\t\t\t\t\t\t\t\t<\/figure>\n\t\t\t\t\t\t\t\t\t<\/div>\n\t\t\t\t<\/div>\n\t\t\t\t\t<\/div>\n\t\t<\/div>\n\t\t\t\t<div class=\"elementor-column elementor-col-25 elementor-top-column elementor-element elementor-element-7bf879b8\" data-id=\"7bf879b8\" data-element_type=\"column\">\n\t\t\t<div class=\"elementor-widget-wrap elementor-element-populated\">\n\t\t\t\t\t\t<div class=\"elementor-element elementor-element-72917ae4 elementor-widget elementor-widget-image\" data-id=\"72917ae4\" data-element_type=\"widget\" data-widget_type=\"image.default\">\n\t\t\t\t<div class=\"elementor-widget-container\">\n\t\t\t\t\t\t\t\t\t\t\t\t<figure class=\"wp-caption\">\n\t\t\t\t\t\t\t\t\t\t\t<a href=\"https:\/\/www.youtube.com\/watch?v=liMvesSFM0A&#038;list=PLK5IRjFjdyR15AO\">\n\t\t\t\t\t\t\t<img decoding=\"async\" width=\"568\" height=\"375\" src=\"https:\/\/educacao.ufpr.br\/ensinodehistoria\/wp-content\/uploads\/sites\/15\/2023\/08\/d_nq_np_832289-mlb44574095238_012021-w.jpg\" class=\"attachment-2048x2048 size-2048x2048 wp-image-138\" alt=\"\" srcset=\"https:\/\/educacao.ufpr.br\/ensinodehistoria\/wp-content\/uploads\/sites\/15\/2023\/08\/d_nq_np_832289-mlb44574095238_012021-w.jpg 568w, https:\/\/educacao.ufpr.br\/ensinodehistoria\/wp-content\/uploads\/sites\/15\/2023\/08\/d_nq_np_832289-mlb44574095238_012021-w-300x198.jpg 300w, https:\/\/educacao.ufpr.br\/ensinodehistoria\/wp-content\/uploads\/sites\/15\/2023\/08\/d_nq_np_832289-mlb44574095238_012021-w-145x96.jpg 145w, https:\/\/educacao.ufpr.br\/ensinodehistoria\/wp-content\/uploads\/sites\/15\/2023\/08\/d_nq_np_832289-mlb44574095238_012021-w-75x50.jpg 75w\" sizes=\"(max-width: 568px) 100vw, 568px\" \/>\t\t\t\t\t\t\t\t<\/a>\n\t\t\t\t\t\t\t\t\t\t\t<figcaption class=\"widget-image-caption wp-caption-text\">Document\u00e1rio do History Chanel que comenta as rela\u00e7\u00f5es entre a arquitetura imperial romana, as t\u00e9cnicas desenvolvidas ao longo do tempo, e o poder pol\u00edtico, sobretudo com coment\u00e1rios sobre os imperadores.<\/figcaption>\n\t\t\t\t\t\t\t\t\t\t<\/figure>\n\t\t\t\t\t\t\t\t\t<\/div>\n\t\t\t\t<\/div>\n\t\t\t\t\t<\/div>\n\t\t<\/div>\n\t\t\t\t<div class=\"elementor-column elementor-col-25 elementor-top-column elementor-element elementor-element-350444e1\" data-id=\"350444e1\" data-element_type=\"column\">\n\t\t\t<div class=\"elementor-widget-wrap\">\n\t\t\t\t\t\t\t<\/div>\n\t\t<\/div>\n\t\t\t\t\t<\/div>\n\t\t<\/section>\n\t\t\t\t<\/div>\n\t\t","protected":false},"excerpt":{"rendered":"<p>\/*! elementor &#8211; v3.6.5 &#8211; 27-04-2022 *\/ .elementor-widget-image{text-align:center}.elementor-widget-image a{display:inline-block}.elementor-widget-image a img[src$=&#8221;.svg&#8221;]{width:48px}.elementor-widget-image img{vertical-align:middle;display:inline-block} Document\u00e1rio que trata de maneira cr\u00edtica conflitos no Brasil, abordando temas que v\u00e3o [&hellip;]<\/p>\n","protected":false},"author":1081,"featured_media":0,"parent":0,"menu_order":0,"comment_status":"closed","ping_status":"closed","template":"","meta":{"_acf_changed":false,"footnotes":""},"class_list":["post-135","page","type-page","status-publish","hentry"],"acf":[],"_links":{"self":[{"href":"https:\/\/educacao.ufpr.br\/ensinodehistoria\/wp-json\/wp\/v2\/pages\/135","targetHints":{"allow":["GET"]}}],"collection":[{"href":"https:\/\/educacao.ufpr.br\/ensinodehistoria\/wp-json\/wp\/v2\/pages"}],"about":[{"href":"https:\/\/educacao.ufpr.br\/ensinodehistoria\/wp-json\/wp\/v2\/types\/page"}],"author":[{"embeddable":true,"href":"https:\/\/educacao.ufpr.br\/ensinodehistoria\/wp-json\/wp\/v2\/users\/1081"}],"replies":[{"embeddable":true,"href":"https:\/\/educacao.ufpr.br\/ensinodehistoria\/wp-json\/wp\/v2\/comments?post=135"}],"version-history":[{"count":8,"href":"https:\/\/educacao.ufpr.br\/ensinodehistoria\/wp-json\/wp\/v2\/pages\/135\/revisions"}],"predecessor-version":[{"id":218,"href":"https:\/\/educacao.ufpr.br\/ensinodehistoria\/wp-json\/wp\/v2\/pages\/135\/revisions\/218"}],"wp:attachment":[{"href":"https:\/\/educacao.ufpr.br\/ensinodehistoria\/wp-json\/wp\/v2\/media?parent=135"}],"curies":[{"name":"wp","href":"https:\/\/api.w.org\/{rel}","templated":true}]}}

Filmes, Séries e Documentários

<div data-elementor-type="wp-page" data-elementor-id="135" class="elementor elementor-135">
						<section class="elementor-section elementor-top-section elementor-element elementor-element-7fb1afec elementor-section-boxed elementor-section-height-default elementor-section-height-default" data-id="7fb1afec" data-element_type="section">
						<div class="elementor-container elementor-column-gap-default">
					<div class="elementor-column elementor-col-25 elementor-top-column elementor-element elementor-element-18b1f8a5" data-id="18b1f8a5" data-element_type="column">
			<div class="elementor-widget-wrap">
							</div>
		</div>
				<div class="elementor-column elementor-col-25 elementor-top-column elementor-element elementor-element-2ac6bbfe" data-id="2ac6bbfe" data-element_type="column">
			<div class="elementor-widget-wrap elementor-element-populated">
						<div class="elementor-element elementor-element-19269833 elementor-widget elementor-widget-image" data-id="19269833" data-element_type="widget" data-widget_type="image.default">
				<div class="elementor-widget-container">
												<figure class="wp-caption">
											<a href="https://www.netflix.com/watch/81091387?trackId=255824129&#038;tctx=0%2C0%2CNAPA%40%40%7C1051d6a9-c772-490a-abaa-b7426f9abb02-34412677_titles%2F1%2F%2Fguerras%2F0%2F0%2CNAPA%40%40%7C1051d6a9-c772-490a-abaa-b7426f9abb02-34412677_titles%2F1%2F%2Fguerras%2F0%2F0%2Cunknown%2C%2C1051d6a9-c772-490a-abaa-b7426f9abb02-34412677%7C1%2CtitlesResults%">
							<img fetchpriority="high" decoding="async" width="800" height="445" src="https://educacao.ufpr.br/ensinodehistoria/wp-content/uploads/sites/15/2023/08/guerras-do-brasil.jpg" class="attachment-large size-large wp-image-137" alt="" srcset="https://educacao.ufpr.br/ensinodehistoria/wp-content/uploads/sites/15/2023/08/guerras-do-brasil.jpg 800w, https://educacao.ufpr.br/ensinodehistoria/wp-content/uploads/sites/15/2023/08/guerras-do-brasil-300x167.jpg 300w, https://educacao.ufpr.br/ensinodehistoria/wp-content/uploads/sites/15/2023/08/guerras-do-brasil-768x427.jpg 768w, https://educacao.ufpr.br/ensinodehistoria/wp-content/uploads/sites/15/2023/08/guerras-do-brasil-145x81.jpg 145w, https://educacao.ufpr.br/ensinodehistoria/wp-content/uploads/sites/15/2023/08/guerras-do-brasil-75x42.jpg 75w" sizes="(max-width: 800px) 100vw, 800px" />								</a>
											<figcaption class="widget-image-caption wp-caption-text">Documentário que trata de maneira crítica conflitos no Brasil, abordando temas que vão da luta contra os indígenas no século XVI, aspectos da luta anti-escravista até  conflito contemporâneo envolvendo a guerra às drogas</figcaption>
										</figure>
									</div>
				</div>
					</div>
		</div>
				<div class="elementor-column elementor-col-25 elementor-top-column elementor-element elementor-element-7bf879b8" data-id="7bf879b8" data-element_type="column">
			<div class="elementor-widget-wrap elementor-element-populated">
						<div class="elementor-element elementor-element-72917ae4 elementor-widget elementor-widget-image" data-id="72917ae4" data-element_type="widget" data-widget_type="image.default">
				<div class="elementor-widget-container">
												<figure class="wp-caption">
											<a href="https://www.youtube.com/watch?v=liMvesSFM0A&#038;list=PLK5IRjFjdyR15AO">
							<img decoding="async" width="568" height="375" src="https://educacao.ufpr.br/ensinodehistoria/wp-content/uploads/sites/15/2023/08/d_nq_np_832289-mlb44574095238_012021-w.jpg" class="attachment-2048x2048 size-2048x2048 wp-image-138" alt="" srcset="https://educacao.ufpr.br/ensinodehistoria/wp-content/uploads/sites/15/2023/08/d_nq_np_832289-mlb44574095238_012021-w.jpg 568w, https://educacao.ufpr.br/ensinodehistoria/wp-content/uploads/sites/15/2023/08/d_nq_np_832289-mlb44574095238_012021-w-300x198.jpg 300w, https://educacao.ufpr.br/ensinodehistoria/wp-content/uploads/sites/15/2023/08/d_nq_np_832289-mlb44574095238_012021-w-145x96.jpg 145w, https://educacao.ufpr.br/ensinodehistoria/wp-content/uploads/sites/15/2023/08/d_nq_np_832289-mlb44574095238_012021-w-75x50.jpg 75w" sizes="(max-width: 568px) 100vw, 568px" />								</a>
											<figcaption class="widget-image-caption wp-caption-text">Documentário do History Chanel que comenta as relações entre a arquitetura imperial romana, as técnicas desenvolvidas ao longo do tempo, e o poder político, sobretudo com comentários sobre os imperadores.</figcaption>
										</figure>
									</div>
				</div>
					</div>
		</div>
				<div class="elementor-column elementor-col-25 elementor-top-column elementor-element elementor-element-350444e1" data-id="350444e1" data-element_type="column">
			<div class="elementor-widget-wrap">
							</div>
		</div>
					</div>
		</section>
				</div>

<p>/*! elementor &#8211; v3.6.5 &#8211; 27-04-2022 */ .elementor-widget-image{text-align:center}.elementor-widget-image a{display:inline-block}.elementor-widget-image a img[src$=&#8221;.svg&#8221;]{width:48px}.elementor-widget-image img{vertical-align:middle;display:inline-block} Documentário que trata de maneira crítica conflitos no Brasil, abordando temas que vão [&hellip;]</p>
