{"id":265,"date":"2025-06-24T14:26:43","date_gmt":"2025-06-24T17:26:43","guid":{"rendered":"https:\/\/educacao.ufpr.br\/ensinodehistoria\/?page_id=265"},"modified":"2025-08-14T14:21:03","modified_gmt":"2025-08-14T17:21:03","slug":"propostas-interdisciplinares","status":"publish","type":"page","link":"https:\/\/educacao.ufpr.br\/ensinodehistoria\/propostas-interdisciplinares\/","title":{"rendered":"Propostas Interdisciplinares"},"content":{"rendered":"\n<p>Os materiais aqui disponibilizados foram produzidos no \u00e2mbito da disciplina Projetos Interdisciplinares para os Anos Iniciais (EM268), que envolve as \u00e1reas de ensino de Hist\u00f3ria, de Ci\u00eancias, de Geografia e de Matem\u00e1tica, e \u00e9 ofertada para o curso de Pedagogia da UFPR.<\/p>\n\n\n\n<p><strong>Jogo M\u00e1quina de tirinhas malucas (1\u00ba semestre\/2025):<\/strong><\/p>\n\n\n\n<div data-wp-interactive=\"core\/file\" class=\"wp-block-file\"><object data-wp-bind--hidden=\"!state.hasPdfPreview\" hidden class=\"wp-block-file__embed\" data=\"https:\/\/educacao.ufpr.br\/ensinodehistoria\/wp-content\/uploads\/sites\/15\/2025\/08\/jogos_maq_tirinhas_parte_01_.pdf\" type=\"application\/pdf\" style=\"width:100%;height:600px\" aria-label=\"Incorporado de Jogos_maq_tirinhas_parte_01_.\"><\/object><a id=\"wp-block-file--media-b8e2919c-7869-48ea-863f-4f1f9d71428f\" href=\"https:\/\/educacao.ufpr.br\/ensinodehistoria\/wp-content\/uploads\/sites\/15\/2025\/08\/jogos_maq_tirinhas_parte_01_.pdf\">Jogos_maq_tirinhas_parte_01_<\/a><a href=\"https:\/\/educacao.ufpr.br\/ensinodehistoria\/wp-content\/uploads\/sites\/15\/2025\/08\/jogos_maq_tirinhas_parte_01_.pdf\" class=\"wp-block-file__button wp-element-button\" download aria-describedby=\"wp-block-file--media-b8e2919c-7869-48ea-863f-4f1f9d71428f\">Baixar<\/a><\/div>\n\n\n\n<div data-wp-interactive=\"core\/file\" class=\"wp-block-file\"><object data-wp-bind--hidden=\"!state.hasPdfPreview\" hidden class=\"wp-block-file__embed\" data=\"https:\/\/educacao.ufpr.br\/ensinodehistoria\/wp-content\/uploads\/sites\/15\/2025\/08\/jogos_maq_tirinhas_parte_02.pdf\" type=\"application\/pdf\" style=\"width:100%;height:600px\" aria-label=\"Incorporado de Jogos_maq_tirinhas_parte_02.\"><\/object><a id=\"wp-block-file--media-2850957b-d734-42ba-9cf5-b020c72184b6\" href=\"https:\/\/educacao.ufpr.br\/ensinodehistoria\/wp-content\/uploads\/sites\/15\/2025\/08\/jogos_maq_tirinhas_parte_02.pdf\">Jogos_maq_tirinhas_parte_02<\/a><a href=\"https:\/\/educacao.ufpr.br\/ensinodehistoria\/wp-content\/uploads\/sites\/15\/2025\/08\/jogos_maq_tirinhas_parte_02.pdf\" class=\"wp-block-file__button wp-element-button\" download aria-describedby=\"wp-block-file--media-2850957b-d734-42ba-9cf5-b020c72184b6\">Baixar<\/a><\/div>\n\n\n\n<div data-wp-interactive=\"core\/file\" class=\"wp-block-file\"><object data-wp-bind--hidden=\"!state.hasPdfPreview\" hidden class=\"wp-block-file__embed\" data=\"https:\/\/educacao.ufpr.br\/ensinodehistoria\/wp-content\/uploads\/sites\/15\/2025\/08\/jogos_maq_tirinhas_parte_03.pdf\" type=\"application\/pdf\" style=\"width:100%;height:600px\" aria-label=\"Incorporado de Jogos_maq_tirinhas_parte_03.\"><\/object><a id=\"wp-block-file--media-a71a5404-52b2-41a8-996c-21d128d91dc1\" href=\"https:\/\/educacao.ufpr.br\/ensinodehistoria\/wp-content\/uploads\/sites\/15\/2025\/08\/jogos_maq_tirinhas_parte_03.pdf\">Jogos_maq_tirinhas_parte_03<\/a><a href=\"https:\/\/educacao.ufpr.br\/ensinodehistoria\/wp-content\/uploads\/sites\/15\/2025\/08\/jogos_maq_tirinhas_parte_03.pdf\" class=\"wp-block-file__button wp-element-button\" download aria-describedby=\"wp-block-file--media-a71a5404-52b2-41a8-996c-21d128d91dc1\">Baixar<\/a><\/div>\n\n\n\n<div data-wp-interactive=\"core\/file\" class=\"wp-block-file\"><object data-wp-bind--hidden=\"!state.hasPdfPreview\" hidden class=\"wp-block-file__embed\" data=\"https:\/\/educacao.ufpr.br\/ensinodehistoria\/wp-content\/uploads\/sites\/15\/2025\/08\/jogos_maq_tirinhas_parte_04.pdf\" type=\"application\/pdf\" style=\"width:100%;height:600px\" aria-label=\"Incorporado de Jogos_maq_tirinhas_parte_04.\"><\/object><a id=\"wp-block-file--media-070ef4cb-9c4b-4b2a-a8e2-07cc71c9d7c5\" href=\"https:\/\/educacao.ufpr.br\/ensinodehistoria\/wp-content\/uploads\/sites\/15\/2025\/08\/jogos_maq_tirinhas_parte_04.pdf\">Jogos_maq_tirinhas_parte_04<\/a><a href=\"https:\/\/educacao.ufpr.br\/ensinodehistoria\/wp-content\/uploads\/sites\/15\/2025\/08\/jogos_maq_tirinhas_parte_04.pdf\" class=\"wp-block-file__button wp-element-button\" download aria-describedby=\"wp-block-file--media-070ef4cb-9c4b-4b2a-a8e2-07cc71c9d7c5\">Baixar<\/a><\/div>\n\n\n\n<div data-wp-interactive=\"core\/file\" class=\"wp-block-file\"><object data-wp-bind--hidden=\"!state.hasPdfPreview\" hidden class=\"wp-block-file__embed\" data=\"https:\/\/educacao.ufpr.br\/ensinodehistoria\/wp-content\/uploads\/sites\/15\/2025\/08\/jogos_maq_tirinhas_parte_05.pdf\" type=\"application\/pdf\" style=\"width:100%;height:600px\" aria-label=\"Incorporado de Jogos_maq_tirinhas_parte_05.\"><\/object><a id=\"wp-block-file--media-aa2c1cad-122f-4065-b44b-d37b924af9f0\" href=\"https:\/\/educacao.ufpr.br\/ensinodehistoria\/wp-content\/uploads\/sites\/15\/2025\/08\/jogos_maq_tirinhas_parte_05.pdf\">Jogos_maq_tirinhas_parte_05<\/a><a href=\"https:\/\/educacao.ufpr.br\/ensinodehistoria\/wp-content\/uploads\/sites\/15\/2025\/08\/jogos_maq_tirinhas_parte_05.pdf\" class=\"wp-block-file__button wp-element-button\" download aria-describedby=\"wp-block-file--media-aa2c1cad-122f-4065-b44b-d37b924af9f0\">Baixar<\/a><\/div>\n","protected":false},"excerpt":{"rendered":"<p>Os materiais aqui disponibilizados foram produzidos no \u00e2mbito da disciplina Projetos Interdisciplinares para os Anos Iniciais (EM268), que envolve as \u00e1reas de ensino de Hist\u00f3ria, [&hellip;]<\/p>\n","protected":false},"author":1088,"featured_media":0,"parent":0,"menu_order":0,"comment_status":"closed","ping_status":"closed","template":"","meta":{"_acf_changed":false,"footnotes":""},"class_list":["post-265","page","type-page","status-publish","hentry"],"acf":[],"_links":{"self":[{"href":"https:\/\/educacao.ufpr.br\/ensinodehistoria\/wp-json\/wp\/v2\/pages\/265","targetHints":{"allow":["GET"]}}],"collection":[{"href":"https:\/\/educacao.ufpr.br\/ensinodehistoria\/wp-json\/wp\/v2\/pages"}],"about":[{"href":"https:\/\/educacao.ufpr.br\/ensinodehistoria\/wp-json\/wp\/v2\/types\/page"}],"author":[{"embeddable":true,"href":"https:\/\/educacao.ufpr.br\/ensinodehistoria\/wp-json\/wp\/v2\/users\/1088"}],"replies":[{"embeddable":true,"href":"https:\/\/educacao.ufpr.br\/ensinodehistoria\/wp-json\/wp\/v2\/comments?post=265"}],"version-history":[{"count":5,"href":"https:\/\/educacao.ufpr.br\/ensinodehistoria\/wp-json\/wp\/v2\/pages\/265\/revisions"}],"predecessor-version":[{"id":282,"href":"https:\/\/educacao.ufpr.br\/ensinodehistoria\/wp-json\/wp\/v2\/pages\/265\/revisions\/282"}],"wp:attachment":[{"href":"https:\/\/educacao.ufpr.br\/ensinodehistoria\/wp-json\/wp\/v2\/media?parent=265"}],"curies":[{"name":"wp","href":"https:\/\/api.w.org\/{rel}","templated":true}]}}