{"id":99,"date":"2023-08-02T10:46:51","date_gmt":"2023-08-02T13:46:51","guid":{"rendered":"https:\/\/educacao.ufpr.br\/ensinodehistoria\/?page_id=99"},"modified":"2023-08-02T11:05:26","modified_gmt":"2023-08-02T14:05:26","slug":"producoes-academicas","status":"publish","type":"page","link":"https:\/\/educacao.ufpr.br\/ensinodehistoria\/producoes-academicas\/","title":{"rendered":"Produ\u00e7\u00f5es Acad\u00eamicas"},"content":{"rendered":"\t\t<div data-elementor-type=\"wp-page\" data-elementor-id=\"99\" class=\"elementor elementor-99\">\n\t\t\t\t\t\t<section class=\"elementor-section elementor-top-section elementor-element elementor-element-4518247b elementor-section-boxed elementor-section-height-default elementor-section-height-default\" data-id=\"4518247b\" data-element_type=\"section\">\n\t\t\t\t\t\t<div class=\"elementor-container elementor-column-gap-default\">\n\t\t\t\t\t<div class=\"elementor-column elementor-col-20 elementor-top-column elementor-element elementor-element-7fc7a616\" data-id=\"7fc7a616\" data-element_type=\"column\">\n\t\t\t<div class=\"elementor-widget-wrap elementor-element-populated\">\n\t\t\t\t\t\t<div class=\"elementor-element elementor-element-66f95e78 elementor-widget elementor-widget-image\" data-id=\"66f95e78\" data-element_type=\"widget\" data-widget_type=\"image.default\">\n\t\t\t\t<div class=\"elementor-widget-container\">\n\t\t\t\t\t\t\t\t\t\t\t\t<figure class=\"wp-caption\">\n\t\t\t\t\t\t\t\t\t\t\t<a href=\"https:\/\/sacralidadesmedievais.com\/textos-semanais\/f\/usos-e-abusos-da-idade-m%C3%A9dia-atrav%C3%A9s-dos-memes-da-internet?blogcategory=USOS+DO+PASSADO\" target=\"_blank\">\n\t\t\t\t\t\t\t<img fetchpriority=\"high\" decoding=\"async\" width=\"700\" height=\"394\" src=\"https:\/\/educacao.ufpr.br\/ensinodehistoria\/wp-content\/uploads\/sites\/15\/2023\/08\/oukyxfob3hi5t4lqwuslicbylt6jc3sachvcdoaizecfr3dnitcq_3_0.png\" class=\"attachment-large size-large wp-image-101\" alt=\"\" srcset=\"https:\/\/educacao.ufpr.br\/ensinodehistoria\/wp-content\/uploads\/sites\/15\/2023\/08\/oukyxfob3hi5t4lqwuslicbylt6jc3sachvcdoaizecfr3dnitcq_3_0.png 700w, https:\/\/educacao.ufpr.br\/ensinodehistoria\/wp-content\/uploads\/sites\/15\/2023\/08\/oukyxfob3hi5t4lqwuslicbylt6jc3sachvcdoaizecfr3dnitcq_3_0-300x169.png 300w, https:\/\/educacao.ufpr.br\/ensinodehistoria\/wp-content\/uploads\/sites\/15\/2023\/08\/oukyxfob3hi5t4lqwuslicbylt6jc3sachvcdoaizecfr3dnitcq_3_0-145x82.png 145w, https:\/\/educacao.ufpr.br\/ensinodehistoria\/wp-content\/uploads\/sites\/15\/2023\/08\/oukyxfob3hi5t4lqwuslicbylt6jc3sachvcdoaizecfr3dnitcq_3_0-75x42.png 75w\" sizes=\"(max-width: 700px) 100vw, 700px\" \/>\t\t\t\t\t\t\t\t<\/a>\n\t\t\t\t\t\t\t\t\t\t\t<figcaption class=\"widget-image-caption wp-caption-text\">O texto est\u00e1 no escopo da \u00e1rea de estudos dos \u201cUsos do Passado\u201d, refletindo como, sobretudo nas redes sociais, mas tamb\u00e9m em filmes e s\u00e9ries recentes a Idade M\u00e9dia est\u00e1 sendo representada e instrumentalizada<\/figcaption>\n\t\t\t\t\t\t\t\t\t\t<\/figure>\n\t\t\t\t\t\t\t\t\t<\/div>\n\t\t\t\t<\/div>\n\t\t\t\t\t<\/div>\n\t\t<\/div>\n\t\t\t\t<div class=\"elementor-column elementor-col-20 elementor-top-column elementor-element elementor-element-505f735b\" data-id=\"505f735b\" data-element_type=\"column\">\n\t\t\t<div class=\"elementor-widget-wrap elementor-element-populated\">\n\t\t\t\t\t\t<div class=\"elementor-element elementor-element-6c31ffb8 elementor-widget elementor-widget-image\" data-id=\"6c31ffb8\" data-element_type=\"widget\" data-widget_type=\"image.default\">\n\t\t\t\t<div class=\"elementor-widget-container\">\n\t\t\t\t\t\t\t\t\t\t\t\t<figure class=\"wp-caption\">\n\t\t\t\t\t\t\t\t\t\t\t<a href=\"http:\/\/repositorio.utfpr.edu.br\/jspui\/handle\/1\/19965\">\n\t\t\t\t\t\t\t<img decoding=\"async\" src=\"https:\/\/educacao.ufpr.br\/wp-content\/uploads\/2022\/10\/f95a379ad533287e62552b2a218723b2c0f800e4.jpg\" title=\"\" alt=\"\" loading=\"lazy\" \/>\t\t\t\t\t\t\t\t<\/a>\n\t\t\t\t\t\t\t\t\t\t\t<figcaption class=\"widget-image-caption wp-caption-text\">Aprendendo hist\u00f3ria com jogos digitais: o jogo Assassin\u2019s Creed Unity em sala de aula. Claudia Beatriz Monte Jorge Martins, escreve seu TCC na UTFPR, sobre os poss\u00edveis usos did\u00e1ticos de jogos eletr\u00f4nicos na sala de aula, usando como material o jogo da s\u00e9rie Assassin's Creed, que se passa na Revolu\u00e7\u00e3o Francesa<\/figcaption>\n\t\t\t\t\t\t\t\t\t\t<\/figure>\n\t\t\t\t\t\t\t\t\t<\/div>\n\t\t\t\t<\/div>\n\t\t\t\t\t<\/div>\n\t\t<\/div>\n\t\t\t\t<div class=\"elementor-column elementor-col-20 elementor-top-column elementor-element elementor-element-344b3232\" data-id=\"344b3232\" data-element_type=\"column\">\n\t\t\t<div class=\"elementor-widget-wrap elementor-element-populated\">\n\t\t\t\t\t\t<div class=\"elementor-element elementor-element-6a6f1e6d elementor-widget elementor-widget-image\" data-id=\"6a6f1e6d\" data-element_type=\"widget\" data-widget_type=\"image.default\">\n\t\t\t\t<div class=\"elementor-widget-container\">\n\t\t\t\t\t\t\t\t\t\t\t\t<figure class=\"wp-caption\">\n\t\t\t\t\t\t\t\t\t\t\t<a href=\"https:\/\/acervodigital.ufpr.br\/handle\/1884\/69232\">\n\t\t\t\t\t\t\t<img decoding=\"async\" src=\"https:\/\/educacao.ufpr.br\/wp-content\/uploads\/2022\/10\/o-quilombo-foi-a-resistencia-no-brasil-do-negro-africano-escravizado.jpg\" title=\"\" alt=\"\" loading=\"lazy\" \/>\t\t\t\t\t\t\t\t<\/a>\n\t\t\t\t\t\t\t\t\t\t\t<figcaption class=\"widget-image-caption wp-caption-text\">O Jornal Quilombo e a representa\u00e7\u00e3o da identidade afirmativa da mulher negra : uma proposta paradid\u00e1tica no ensino de hist\u00f3ria. Disserta\u00e7\u00e3o de p\u00f3s-gradua\u00e7\u00e3o, propondo o uso de recursos para-did\u00e1ticos para o aprofundamento transversal na hist\u00f3ria negra, sob uma perspectiva de g\u00eanero.<\/figcaption>\n\t\t\t\t\t\t\t\t\t\t<\/figure>\n\t\t\t\t\t\t\t\t\t<\/div>\n\t\t\t\t<\/div>\n\t\t\t\t\t<\/div>\n\t\t<\/div>\n\t\t\t\t<div class=\"elementor-column elementor-col-20 elementor-top-column elementor-element elementor-element-562b8df1\" data-id=\"562b8df1\" data-element_type=\"column\">\n\t\t\t<div class=\"elementor-widget-wrap elementor-element-populated\">\n\t\t\t\t\t\t<div class=\"elementor-element elementor-element-62baabd5 elementor-widget elementor-widget-image\" data-id=\"62baabd5\" data-element_type=\"widget\" data-widget_type=\"image.default\">\n\t\t\t\t<div class=\"elementor-widget-container\">\n\t\t\t\t\t\t\t\t\t\t\t\t<figure class=\"wp-caption\">\n\t\t\t\t\t\t\t\t\t\t\t<a href=\"https:\/\/acervodigital.ufpr.br\/handle\/1884\/60277\">\n\t\t\t\t\t\t\t<img decoding=\"async\" width=\"800\" height=\"445\" src=\"https:\/\/educacao.ufpr.br\/ensinodehistoria\/wp-content\/uploads\/sites\/15\/2023\/08\/image_processing20200201-29235-1qn8gzk.jpg\" class=\"attachment-large size-large wp-image-102\" alt=\"\" srcset=\"https:\/\/educacao.ufpr.br\/ensinodehistoria\/wp-content\/uploads\/sites\/15\/2023\/08\/image_processing20200201-29235-1qn8gzk.jpg 800w, https:\/\/educacao.ufpr.br\/ensinodehistoria\/wp-content\/uploads\/sites\/15\/2023\/08\/image_processing20200201-29235-1qn8gzk-300x167.jpg 300w, https:\/\/educacao.ufpr.br\/ensinodehistoria\/wp-content\/uploads\/sites\/15\/2023\/08\/image_processing20200201-29235-1qn8gzk-768x427.jpg 768w, https:\/\/educacao.ufpr.br\/ensinodehistoria\/wp-content\/uploads\/sites\/15\/2023\/08\/image_processing20200201-29235-1qn8gzk-145x81.jpg 145w, https:\/\/educacao.ufpr.br\/ensinodehistoria\/wp-content\/uploads\/sites\/15\/2023\/08\/image_processing20200201-29235-1qn8gzk-75x42.jpg 75w\" sizes=\"(max-width: 800px) 100vw, 800px\" \/>\t\t\t\t\t\t\t\t<\/a>\n\t\t\t\t\t\t\t\t\t\t\t<figcaption class=\"widget-image-caption wp-caption-text\">O Protagonismo das mulheres na hist\u00f3ria : proposta metodol\u00f3gica para o ensino fundamental. O artigo discute a aus\u00eancia das mulheres no ensino de Hist\u00f3ria. E faz uma proposi\u00e7\u00e3o para trabalho no ensino fundamental, discutindo a participa\u00e7\u00e3o feminina no Constituinte (1985-1988)<\/figcaption>\n\t\t\t\t\t\t\t\t\t\t<\/figure>\n\t\t\t\t\t\t\t\t\t<\/div>\n\t\t\t\t<\/div>\n\t\t\t\t\t<\/div>\n\t\t<\/div>\n\t\t\t\t<div class=\"elementor-column elementor-col-20 elementor-top-column elementor-element elementor-element-16dd4089\" data-id=\"16dd4089\" data-element_type=\"column\">\n\t\t\t<div class=\"elementor-widget-wrap elementor-element-populated\">\n\t\t\t\t\t\t<div class=\"elementor-element elementor-element-702c359f elementor-widget elementor-widget-image\" data-id=\"702c359f\" data-element_type=\"widget\" data-widget_type=\"image.default\">\n\t\t\t\t<div class=\"elementor-widget-container\">\n\t\t\t\t\t\t\t\t\t\t\t\t<figure class=\"wp-caption\">\n\t\t\t\t\t\t\t\t\t\t\t<a href=\"http:\/\/repositorio.utfpr.edu.br\/jspui\/handle\/1\/2214\">\n\t\t\t\t\t\t\t<img decoding=\"async\" width=\"340\" height=\"339\" src=\"https:\/\/educacao.ufpr.br\/ensinodehistoria\/wp-content\/uploads\/sites\/15\/2023\/08\/tupac-amaru.jpg\" class=\"attachment-large size-large wp-image-103\" alt=\"\" srcset=\"https:\/\/educacao.ufpr.br\/ensinodehistoria\/wp-content\/uploads\/sites\/15\/2023\/08\/tupac-amaru.jpg 340w, https:\/\/educacao.ufpr.br\/ensinodehistoria\/wp-content\/uploads\/sites\/15\/2023\/08\/tupac-amaru-300x300.jpg 300w, https:\/\/educacao.ufpr.br\/ensinodehistoria\/wp-content\/uploads\/sites\/15\/2023\/08\/tupac-amaru-150x150.jpg 150w, https:\/\/educacao.ufpr.br\/ensinodehistoria\/wp-content\/uploads\/sites\/15\/2023\/08\/tupac-amaru-100x100.jpg 100w, https:\/\/educacao.ufpr.br\/ensinodehistoria\/wp-content\/uploads\/sites\/15\/2023\/08\/tupac-amaru-57x57.jpg 57w\" sizes=\"(max-width: 340px) 100vw, 340px\" \/>\t\t\t\t\t\t\t\t<\/a>\n\t\t\t\t\t\t\t\t\t\t\t<figcaption class=\"widget-image-caption wp-caption-text\">Vis\u00f5es sobre a conquista da Am\u00e9rica Hisp\u00e2nica pela m\u00fasica popular. Tratando-se de uma produ\u00e7\u00e3o musical difundida nos anos 1970\/1990, contrap\u00f5em-se \u00e0s epop\u00e9ias da Conquista difundidas por abordagens mais tradicionais.<\/figcaption>\n\t\t\t\t\t\t\t\t\t\t<\/figure>\n\t\t\t\t\t\t\t\t\t<\/div>\n\t\t\t\t<\/div>\n\t\t\t\t\t<\/div>\n\t\t<\/div>\n\t\t\t\t\t<\/div>\n\t\t<\/section>\n\t\t\t\t<\/div>\n\t\t","protected":false},"excerpt":{"rendered":"<p>O texto est\u00e1 no escopo da \u00e1rea de estudos dos \u201cUsos do Passado\u201d, refletindo como, sobretudo nas redes sociais, mas tamb\u00e9m em filmes e s\u00e9ries [&hellip;]<\/p>\n","protected":false},"author":1081,"featured_media":0,"parent":0,"menu_order":0,"comment_status":"closed","ping_status":"closed","template":"","meta":{"_acf_changed":false,"footnotes":""},"class_list":["post-99","page","type-page","status-publish","hentry"],"acf":[],"_links":{"self":[{"href":"https:\/\/educacao.ufpr.br\/ensinodehistoria\/wp-json\/wp\/v2\/pages\/99","targetHints":{"allow":["GET"]}}],"collection":[{"href":"https:\/\/educacao.ufpr.br\/ensinodehistoria\/wp-json\/wp\/v2\/pages"}],"about":[{"href":"https:\/\/educacao.ufpr.br\/ensinodehistoria\/wp-json\/wp\/v2\/types\/page"}],"author":[{"embeddable":true,"href":"https:\/\/educacao.ufpr.br\/ensinodehistoria\/wp-json\/wp\/v2\/users\/1081"}],"replies":[{"embeddable":true,"href":"https:\/\/educacao.ufpr.br\/ensinodehistoria\/wp-json\/wp\/v2\/comments?post=99"}],"version-history":[{"count":5,"href":"https:\/\/educacao.ufpr.br\/ensinodehistoria\/wp-json\/wp\/v2\/pages\/99\/revisions"}],"predecessor-version":[{"id":110,"href":"https:\/\/educacao.ufpr.br\/ensinodehistoria\/wp-json\/wp\/v2\/pages\/99\/revisions\/110"}],"wp:attachment":[{"href":"https:\/\/educacao.ufpr.br\/ensinodehistoria\/wp-json\/wp\/v2\/media?parent=99"}],"curies":[{"name":"wp","href":"https:\/\/api.w.org\/{rel}","templated":true}]}}

Produções Acadêmicas

<div data-elementor-type="wp-page" data-elementor-id="99" class="elementor elementor-99">
						<section class="elementor-section elementor-top-section elementor-element elementor-element-4518247b elementor-section-boxed elementor-section-height-default elementor-section-height-default" data-id="4518247b" data-element_type="section">
						<div class="elementor-container elementor-column-gap-default">
					<div class="elementor-column elementor-col-20 elementor-top-column elementor-element elementor-element-7fc7a616" data-id="7fc7a616" data-element_type="column">
			<div class="elementor-widget-wrap elementor-element-populated">
						<div class="elementor-element elementor-element-66f95e78 elementor-widget elementor-widget-image" data-id="66f95e78" data-element_type="widget" data-widget_type="image.default">
				<div class="elementor-widget-container">
												<figure class="wp-caption">
											<a href="https://sacralidadesmedievais.com/textos-semanais/f/usos-e-abusos-da-idade-m%C3%A9dia-atrav%C3%A9s-dos-memes-da-internet?blogcategory=USOS+DO+PASSADO" target="_blank">
							<img fetchpriority="high" decoding="async" width="700" height="394" src="https://educacao.ufpr.br/ensinodehistoria/wp-content/uploads/sites/15/2023/08/oukyxfob3hi5t4lqwuslicbylt6jc3sachvcdoaizecfr3dnitcq_3_0.png" class="attachment-large size-large wp-image-101" alt="" srcset="https://educacao.ufpr.br/ensinodehistoria/wp-content/uploads/sites/15/2023/08/oukyxfob3hi5t4lqwuslicbylt6jc3sachvcdoaizecfr3dnitcq_3_0.png 700w, https://educacao.ufpr.br/ensinodehistoria/wp-content/uploads/sites/15/2023/08/oukyxfob3hi5t4lqwuslicbylt6jc3sachvcdoaizecfr3dnitcq_3_0-300x169.png 300w, https://educacao.ufpr.br/ensinodehistoria/wp-content/uploads/sites/15/2023/08/oukyxfob3hi5t4lqwuslicbylt6jc3sachvcdoaizecfr3dnitcq_3_0-145x82.png 145w, https://educacao.ufpr.br/ensinodehistoria/wp-content/uploads/sites/15/2023/08/oukyxfob3hi5t4lqwuslicbylt6jc3sachvcdoaizecfr3dnitcq_3_0-75x42.png 75w" sizes="(max-width: 700px) 100vw, 700px" />								</a>
											<figcaption class="widget-image-caption wp-caption-text">O texto está no escopo da área de estudos dos “Usos do Passado”, refletindo como, sobretudo nas redes sociais, mas também em filmes e séries recentes a Idade Média está sendo representada e instrumentalizada</figcaption>
										</figure>
									</div>
				</div>
					</div>
		</div>
				<div class="elementor-column elementor-col-20 elementor-top-column elementor-element elementor-element-505f735b" data-id="505f735b" data-element_type="column">
			<div class="elementor-widget-wrap elementor-element-populated">
						<div class="elementor-element elementor-element-6c31ffb8 elementor-widget elementor-widget-image" data-id="6c31ffb8" data-element_type="widget" data-widget_type="image.default">
				<div class="elementor-widget-container">
												<figure class="wp-caption">
											<a href="http://repositorio.utfpr.edu.br/jspui/handle/1/19965">
							<img decoding="async" src="https://educacao.ufpr.br/wp-content/uploads/2022/10/f95a379ad533287e62552b2a218723b2c0f800e4.jpg" title="" alt="" loading="lazy" />								</a>
											<figcaption class="widget-image-caption wp-caption-text">Aprendendo história com jogos digitais: o jogo Assassin’s Creed Unity em sala de aula. Claudia Beatriz Monte Jorge Martins, escreve seu TCC na UTFPR, sobre os possíveis usos didáticos de jogos eletrônicos na sala de aula, usando como material o jogo da série Assassin's Creed, que se passa na Revolução Francesa</figcaption>
										</figure>
									</div>
				</div>
					</div>
		</div>
				<div class="elementor-column elementor-col-20 elementor-top-column elementor-element elementor-element-344b3232" data-id="344b3232" data-element_type="column">
			<div class="elementor-widget-wrap elementor-element-populated">
						<div class="elementor-element elementor-element-6a6f1e6d elementor-widget elementor-widget-image" data-id="6a6f1e6d" data-element_type="widget" data-widget_type="image.default">
				<div class="elementor-widget-container">
												<figure class="wp-caption">
											<a href="https://acervodigital.ufpr.br/handle/1884/69232">
							<img decoding="async" src="https://educacao.ufpr.br/wp-content/uploads/2022/10/o-quilombo-foi-a-resistencia-no-brasil-do-negro-africano-escravizado.jpg" title="" alt="" loading="lazy" />								</a>
											<figcaption class="widget-image-caption wp-caption-text">O Jornal Quilombo e a representação da identidade afirmativa da mulher negra : uma proposta paradidática no ensino de história. Dissertação de pós-graduação, propondo o uso de recursos para-didáticos para o aprofundamento transversal na história negra, sob uma perspectiva de gênero.</figcaption>
										</figure>
									</div>
				</div>
					</div>
		</div>
				<div class="elementor-column elementor-col-20 elementor-top-column elementor-element elementor-element-562b8df1" data-id="562b8df1" data-element_type="column">
			<div class="elementor-widget-wrap elementor-element-populated">
						<div class="elementor-element elementor-element-62baabd5 elementor-widget elementor-widget-image" data-id="62baabd5" data-element_type="widget" data-widget_type="image.default">
				<div class="elementor-widget-container">
												<figure class="wp-caption">
											<a href="https://acervodigital.ufpr.br/handle/1884/60277">
							<img decoding="async" width="800" height="445" src="https://educacao.ufpr.br/ensinodehistoria/wp-content/uploads/sites/15/2023/08/image_processing20200201-29235-1qn8gzk.jpg" class="attachment-large size-large wp-image-102" alt="" srcset="https://educacao.ufpr.br/ensinodehistoria/wp-content/uploads/sites/15/2023/08/image_processing20200201-29235-1qn8gzk.jpg 800w, https://educacao.ufpr.br/ensinodehistoria/wp-content/uploads/sites/15/2023/08/image_processing20200201-29235-1qn8gzk-300x167.jpg 300w, https://educacao.ufpr.br/ensinodehistoria/wp-content/uploads/sites/15/2023/08/image_processing20200201-29235-1qn8gzk-768x427.jpg 768w, https://educacao.ufpr.br/ensinodehistoria/wp-content/uploads/sites/15/2023/08/image_processing20200201-29235-1qn8gzk-145x81.jpg 145w, https://educacao.ufpr.br/ensinodehistoria/wp-content/uploads/sites/15/2023/08/image_processing20200201-29235-1qn8gzk-75x42.jpg 75w" sizes="(max-width: 800px) 100vw, 800px" />								</a>
											<figcaption class="widget-image-caption wp-caption-text">O Protagonismo das mulheres na história : proposta metodológica para o ensino fundamental. O artigo discute a ausência das mulheres no ensino de História. E faz uma proposição para trabalho no ensino fundamental, discutindo a participação feminina no Constituinte (1985-1988)</figcaption>
										</figure>
									</div>
				</div>
					</div>
		</div>
				<div class="elementor-column elementor-col-20 elementor-top-column elementor-element elementor-element-16dd4089" data-id="16dd4089" data-element_type="column">
			<div class="elementor-widget-wrap elementor-element-populated">
						<div class="elementor-element elementor-element-702c359f elementor-widget elementor-widget-image" data-id="702c359f" data-element_type="widget" data-widget_type="image.default">
				<div class="elementor-widget-container">
												<figure class="wp-caption">
											<a href="http://repositorio.utfpr.edu.br/jspui/handle/1/2214">
							<img decoding="async" width="340" height="339" src="https://educacao.ufpr.br/ensinodehistoria/wp-content/uploads/sites/15/2023/08/tupac-amaru.jpg" class="attachment-large size-large wp-image-103" alt="" srcset="https://educacao.ufpr.br/ensinodehistoria/wp-content/uploads/sites/15/2023/08/tupac-amaru.jpg 340w, https://educacao.ufpr.br/ensinodehistoria/wp-content/uploads/sites/15/2023/08/tupac-amaru-300x300.jpg 300w, https://educacao.ufpr.br/ensinodehistoria/wp-content/uploads/sites/15/2023/08/tupac-amaru-150x150.jpg 150w, https://educacao.ufpr.br/ensinodehistoria/wp-content/uploads/sites/15/2023/08/tupac-amaru-100x100.jpg 100w, https://educacao.ufpr.br/ensinodehistoria/wp-content/uploads/sites/15/2023/08/tupac-amaru-57x57.jpg 57w" sizes="(max-width: 340px) 100vw, 340px" />								</a>
											<figcaption class="widget-image-caption wp-caption-text">Visões sobre a conquista da América Hispânica pela música popular. Tratando-se de uma produção musical difundida nos anos 1970/1990, contrapõem-se às epopéias da Conquista difundidas por abordagens mais tradicionais.</figcaption>
										</figure>
									</div>
				</div>
					</div>
		</div>
					</div>
		</section>
				</div>

<p>O texto está no escopo da área de estudos dos “Usos do Passado”, refletindo como, sobretudo nas redes sociais, mas também em filmes e séries [&hellip;]</p>
