{"id":11,"date":"2023-06-30T15:59:52","date_gmt":"2023-06-30T18:59:52","guid":{"rendered":"https:\/\/educacao.ufpr.br\/ephe\/?page_id=11"},"modified":"2023-11-07T14:53:40","modified_gmt":"2023-11-07T17:53:40","slug":"programacao","status":"publish","type":"page","link":"https:\/\/educacao.ufpr.br\/ephe\/programacao\/","title":{"rendered":"<strong>Programa\u00e7\u00e3o<\/strong>"},"content":{"rendered":"\n<p>Clique abaixo no arquivo que deseja visualizar ou baixar:<\/p>\n\n\n\n<ul class=\"wp-block-list\">\n<li><a href=\"https:\/\/educacao.ufpr.br\/ephe\/wp-content\/uploads\/sites\/19\/2023\/10\/programacao-geral-ok-site.pdf\">Programa\u00e7\u00e3o geral<\/a><\/li>\n\n\n\n<li><a href=\"https:\/\/educacao.ufpr.br\/ephe\/wp-content\/uploads\/sites\/19\/2023\/11\/6nov-ok-mesas-e-atividades-culturais.pdf\">Mesas-redondas e atividades culturais<\/a><\/li>\n\n\n\n<li><a href=\"https:\/\/educacao.ufpr.br\/ephe\/wp-content\/uploads\/sites\/19\/2023\/10\/sessoes-de-comunicacoes-coordenadas-com-ensalamento-ok.pdf\">Sess\u00f5es de comunica\u00e7\u00f5es coordenadas<\/a><\/li>\n\n\n\n<li><a href=\"https:\/\/educacao.ufpr.br\/ephe\/wp-content\/uploads\/sites\/19\/2023\/11\/6nov-sessoes-de-comunicacoes-orais-ok.pdf\">Sess\u00f5es de comunica\u00e7\u00f5es orais<\/a><\/li>\n<\/ul>\n","protected":false},"excerpt":{"rendered":"<p>Clique abaixo no arquivo que deseja visualizar ou baixar:<\/p>\n","protected":false},"author":1081,"featured_media":0,"parent":0,"menu_order":0,"comment_status":"closed","ping_status":"closed","template":"","meta":{"_acf_changed":false,"footnotes":""},"class_list":["post-11","page","type-page","status-publish","hentry"],"acf":[],"_links":{"self":[{"href":"https:\/\/educacao.ufpr.br\/ephe\/wp-json\/wp\/v2\/pages\/11","targetHints":{"allow":["GET"]}}],"collection":[{"href":"https:\/\/educacao.ufpr.br\/ephe\/wp-json\/wp\/v2\/pages"}],"about":[{"href":"https:\/\/educacao.ufpr.br\/ephe\/wp-json\/wp\/v2\/types\/page"}],"author":[{"embeddable":true,"href":"https:\/\/educacao.ufpr.br\/ephe\/wp-json\/wp\/v2\/users\/1081"}],"replies":[{"embeddable":true,"href":"https:\/\/educacao.ufpr.br\/ephe\/wp-json\/wp\/v2\/comments?post=11"}],"version-history":[{"count":4,"href":"https:\/\/educacao.ufpr.br\/ephe\/wp-json\/wp\/v2\/pages\/11\/revisions"}],"predecessor-version":[{"id":99,"href":"https:\/\/educacao.ufpr.br\/ephe\/wp-json\/wp\/v2\/pages\/11\/revisions\/99"}],"wp:attachment":[{"href":"https:\/\/educacao.ufpr.br\/ephe\/wp-json\/wp\/v2\/media?parent=11"}],"curies":[{"name":"wp","href":"https:\/\/api.w.org\/{rel}","templated":true}]}}

<strong>Programação</strong>

<p>Clique abaixo no arquivo que deseja visualizar ou baixar:</p>



<ul class="wp-block-list">
<li><a href="https://educacao.ufpr.br/ephe/wp-content/uploads/sites/19/2023/10/programacao-geral-ok-site.pdf">Programação geral</a></li>



<li><a href="https://educacao.ufpr.br/ephe/wp-content/uploads/sites/19/2023/11/6nov-ok-mesas-e-atividades-culturais.pdf">Mesas-redondas e atividades culturais</a></li>



<li><a href="https://educacao.ufpr.br/ephe/wp-content/uploads/sites/19/2023/10/sessoes-de-comunicacoes-coordenadas-com-ensalamento-ok.pdf">Sessões de comunicações coordenadas</a></li>



<li><a href="https://educacao.ufpr.br/ephe/wp-content/uploads/sites/19/2023/11/6nov-sessoes-de-comunicacoes-orais-ok.pdf">Sessões de comunicações orais</a></li>
</ul>
