{"id":14,"date":"2023-06-30T16:00:46","date_gmt":"2023-06-30T19:00:46","guid":{"rendered":"https:\/\/educacao.ufpr.br\/ephe\/?page_id=14"},"modified":"2023-10-09T09:17:34","modified_gmt":"2023-10-09T12:17:34","slug":"inscricoes","status":"publish","type":"page","link":"https:\/\/educacao.ufpr.br\/ephe\/inscricoes\/","title":{"rendered":"<strong>Inscri\u00e7\u00f5es<\/strong>"},"content":{"rendered":"\n<p>Inscri\u00e7\u00f5es de ouvintes: de 9\/10 a 6\/11, exclusivamente por meio do formul\u00e1rio dispon\u00edvel no link&nbsp;<a href=\"https:\/\/forms.office.com\/r\/hAj7MimP5p\" target=\"_blank\" rel=\"noreferrer noopener\">https:\/\/forms.office.com\/r\/hAj7MimP5p<\/a>&nbsp;<\/p>\n\n\n\n<p>Inscri\u00e7\u00f5es para visita guiada no Col\u00e9gio Estadual do Paran\u00e1: de 9\/10 a 6\/11, por meio deste link: <a href=\"https:\/\/docs.google.com\/forms\/d\/e\/1FAIpQLSfMcOdtgrL4xxmd5kdSeuLrkabiqE5UKKpGrnuinBSF4oKflA\/viewform?usp=sf_link\">https:\/\/docs.google.com\/forms\/d\/e\/1FAIpQLSfMcOdtgrL4xxmd5kdSeuLrkabiqE5UKKpGrnuinBSF4oKflA\/viewform?usp=sf_link<\/a> <br><span style=\"text-decoration: underline;\">O formul\u00e1rio ser\u00e1 fechado quando se esgotarem\u00a0as\u00a0vagas.<\/span><\/p>\n\n\n\n<p><strong><em>Comunicamos que para inscri\u00e7\u00e3o de trabalho no evento, o n\u00famero m\u00e1ximo de caracteres ser\u00e1 4000 (com espa\u00e7os), devido ao limite&nbsp;do&nbsp;formul\u00e1rio.<\/em><\/strong><\/p>\n\n\n\n<div data-wp-interactive=\"core\/file\" class=\"wp-block-file\"><object data-wp-bind--hidden=\"!state.hasPdfPreview\" hidden class=\"wp-block-file__embed\" data=\"https:\/\/educacao.ufpr.br\/ephe\/wp-content\/uploads\/sites\/19\/2023\/08\/edital-ok-07ago.pdf\" type=\"application\/pdf\" style=\"width:100%;height:600px\" aria-label=\"Incorporado de edital-ok-07ago.\"><\/object><a id=\"wp-block-file--media-bf8da88a-5f09-4497-9249-d3b39eff49cc\" href=\"https:\/\/educacao.ufpr.br\/ephe\/wp-content\/uploads\/sites\/19\/2023\/08\/edital-ok-07ago.pdf\">edital-ok-07ago<\/a><a href=\"https:\/\/educacao.ufpr.br\/ephe\/wp-content\/uploads\/sites\/19\/2023\/08\/edital-ok-07ago.pdf\" class=\"wp-block-file__button wp-element-button\" download aria-describedby=\"wp-block-file--media-bf8da88a-5f09-4497-9249-d3b39eff49cc\">Baixar<\/a><\/div>\n","protected":false},"excerpt":{"rendered":"<p>Inscri\u00e7\u00f5es de ouvintes: de 9\/10 a 6\/11, exclusivamente por meio do formul\u00e1rio dispon\u00edvel no link&nbsp;https:\/\/forms.office.com\/r\/hAj7MimP5p&nbsp; Inscri\u00e7\u00f5es para visita guiada no Col\u00e9gio Estadual do Paran\u00e1: de [&hellip;]<\/p>\n","protected":false},"author":1081,"featured_media":0,"parent":0,"menu_order":0,"comment_status":"closed","ping_status":"closed","template":"","meta":{"_acf_changed":false,"footnotes":""},"class_list":["post-14","page","type-page","status-publish","hentry"],"acf":[],"_links":{"self":[{"href":"https:\/\/educacao.ufpr.br\/ephe\/wp-json\/wp\/v2\/pages\/14","targetHints":{"allow":["GET"]}}],"collection":[{"href":"https:\/\/educacao.ufpr.br\/ephe\/wp-json\/wp\/v2\/pages"}],"about":[{"href":"https:\/\/educacao.ufpr.br\/ephe\/wp-json\/wp\/v2\/types\/page"}],"author":[{"embeddable":true,"href":"https:\/\/educacao.ufpr.br\/ephe\/wp-json\/wp\/v2\/users\/1081"}],"replies":[{"embeddable":true,"href":"https:\/\/educacao.ufpr.br\/ephe\/wp-json\/wp\/v2\/comments?post=14"}],"version-history":[{"count":8,"href":"https:\/\/educacao.ufpr.br\/ephe\/wp-json\/wp\/v2\/pages\/14\/revisions"}],"predecessor-version":[{"id":91,"href":"https:\/\/educacao.ufpr.br\/ephe\/wp-json\/wp\/v2\/pages\/14\/revisions\/91"}],"wp:attachment":[{"href":"https:\/\/educacao.ufpr.br\/ephe\/wp-json\/wp\/v2\/media?parent=14"}],"curies":[{"name":"wp","href":"https:\/\/api.w.org\/{rel}","templated":true}]}}