{"id":9,"date":"2023-06-30T15:59:12","date_gmt":"2023-06-30T18:59:12","guid":{"rendered":"https:\/\/educacao.ufpr.br\/ephe\/?page_id=9"},"modified":"2023-06-30T15:59:13","modified_gmt":"2023-06-30T18:59:13","slug":"cronograma","status":"publish","type":"page","link":"https:\/\/educacao.ufpr.br\/ephe\/cronograma\/","title":{"rendered":"<strong>Cronograma<\/strong>"},"content":{"rendered":"\n<p>10 de julho a 07 de agosto \u2013 inscri\u00e7\u00e3o de trabalhos<\/p>\n\n\n\n<p>At\u00e9 11 de setembro \u2013 avalia\u00e7\u00e3o dos trabalhos<\/p>\n\n\n\n<p>At\u00e9 15 de setembro &#8211; divulga\u00e7\u00e3o do resultado da avalia\u00e7\u00e3o<\/p>\n\n\n\n<p>At\u00e9 02 de outubro \u2013 divulga\u00e7\u00e3o da programa\u00e7\u00e3o completa<\/p>\n\n\n\n<p>De 09 de outubro a 06 de novembro \u2013 inscri\u00e7\u00e3o de ouvintes<\/p>\n\n\n\n<p>De 08 a 10 de novembro \u2013 realiza\u00e7\u00e3o do evento<\/p>\n","protected":false},"excerpt":{"rendered":"<p>10 de julho a 07 de agosto \u2013 inscri\u00e7\u00e3o de trabalhos At\u00e9 11 de setembro \u2013 avalia\u00e7\u00e3o dos trabalhos At\u00e9 15 de setembro &#8211; divulga\u00e7\u00e3o [&hellip;]<\/p>\n","protected":false},"author":1081,"featured_media":0,"parent":0,"menu_order":0,"comment_status":"closed","ping_status":"closed","template":"","meta":{"_acf_changed":false,"footnotes":""},"class_list":["post-9","page","type-page","status-publish","hentry"],"acf":[],"_links":{"self":[{"href":"https:\/\/educacao.ufpr.br\/ephe\/wp-json\/wp\/v2\/pages\/9","targetHints":{"allow":["GET"]}}],"collection":[{"href":"https:\/\/educacao.ufpr.br\/ephe\/wp-json\/wp\/v2\/pages"}],"about":[{"href":"https:\/\/educacao.ufpr.br\/ephe\/wp-json\/wp\/v2\/types\/page"}],"author":[{"embeddable":true,"href":"https:\/\/educacao.ufpr.br\/ephe\/wp-json\/wp\/v2\/users\/1081"}],"replies":[{"embeddable":true,"href":"https:\/\/educacao.ufpr.br\/ephe\/wp-json\/wp\/v2\/comments?post=9"}],"version-history":[{"count":1,"href":"https:\/\/educacao.ufpr.br\/ephe\/wp-json\/wp\/v2\/pages\/9\/revisions"}],"predecessor-version":[{"id":10,"href":"https:\/\/educacao.ufpr.br\/ephe\/wp-json\/wp\/v2\/pages\/9\/revisions\/10"}],"wp:attachment":[{"href":"https:\/\/educacao.ufpr.br\/ephe\/wp-json\/wp\/v2\/media?parent=9"}],"curies":[{"name":"wp","href":"https:\/\/api.w.org\/{rel}","templated":true}]}}

<p>10 de julho a 07 de agosto – inscrição de trabalhos</p>



<p>Até 11 de setembro – avaliação dos trabalhos</p>



<p>Até 15 de setembro &#8211; divulgação do resultado da avaliação</p>



<p>Até 02 de outubro – divulgação da programação completa</p>



<p>De 09 de outubro a 06 de novembro – inscrição de ouvintes</p>



<p>De 08 a 10 de novembro – realização do evento</p>

<p>10 de julho a 07 de agosto – inscrição de trabalhos Até 11 de setembro – avaliação dos trabalhos Até 15 de setembro &#8211; divulgação [&hellip;]</p>
