{"id":1818,"date":"2019-11-08T15:45:51","date_gmt":"2019-11-08T18:45:51","guid":{"rendered":"https:\/\/educacao.ufpr.br\/nesef\/?page_id=1818"},"modified":"2020-10-24T09:48:47","modified_gmt":"2020-10-24T12:48:47","slug":"normas-para-publicacao","status":"publish","type":"page","link":"https:\/\/educacao.ufpr.br\/nesef\/normas-para-publicacao\/","title":{"rendered":"Normas para publica\u00e7\u00e3o"},"content":{"rendered":"<p>a) Os textos propostos para avalia\u00e7\u00e3o devem ter 700 palavras, no m\u00e1ximo, com a indica\u00e7\u00e3o de uma imagem que expresse o seu conte\u00fado.<\/p>\n<p>b) Os textos devem ser apresentados em <em>Word for Windows<\/em> ou Editores de Texto do Sistema <em>Linux,<\/em> desde que compat\u00edvel com o <em>Word,<\/em> extens\u00e3o <em>doc<\/em>, obedecendo \u00e0s seguintes recomenda\u00e7\u00f5es: letra <em>Times New Roman<\/em>, tamanho 12, espa\u00e7o 1,5, papel A4, margens de 2,5 com, numera\u00e7\u00e3o no canto inferior direito.<\/p>\n<p>c) As mat\u00e9rias devem ser encaminhadas pela via digital para o endere\u00e7o eletr\u00f4nico <a href=\"mailto:jornalsisifo@gmail.com\">jornalsisifo@gmail.com<\/a> aos editores do jornal;<\/p>\n<p>d) As mat\u00e9rias recebidos ser\u00e3o encaminhados para dois pareceristas do Comit\u00ea Cient\u00edfico. Caso ocorram pareceres divergentes ser\u00e3o enviados para um terceiro consultor.<\/p>\n<p>e) Somente ser\u00e3o apreciados os textos que obedecerem \u00e0s regras estabelecidas para publica\u00e7\u00e3o.<\/p>\n<p>f) <strong>O S\u00edsifio<\/strong> reserva-se o direito de n\u00e3o publicar trabalho(s) de mesmo(s) autor (es) em intervalos menores que 3 (tr\u00eas) edi\u00e7\u00f5es.<\/p>\n<p>g) Os textos ser\u00e3o publicados segundo decis\u00e3o dos editores e espa\u00e7o dispon\u00edvel no jornal, isto \u00e9, existe a possibilidade que textos aprovados n\u00e3o sejam publicados na edi\u00e7\u00e3o subsequente \u00e0 sua submiss\u00e3o, mas em edi\u00e7\u00f5es futuras ficando a crit\u00e9rio da equipe editorial.<\/p>\n<p>h) A aceita\u00e7\u00e3o da mat\u00e9ria para a publica\u00e7\u00e3o implica na cess\u00e3o de direitos autorais para o Jornal. Assegura-se direito \u00e0 divulga\u00e7\u00e3o da informa\u00e7\u00e3o e os direitos editoriais, na forma da Lei. Ressalta-se que <strong>O S\u00edsifio<\/strong> tem car\u00e1ter p\u00fablico e acesso irrestrito, n\u00e3o demandando em quaisquer rela\u00e7\u00f5es comerciais.<\/p>\n","protected":false},"excerpt":{"rendered":"<p>a) Os textos propostos para avalia\u00e7\u00e3o devem ter 700 palavras, no m\u00e1ximo, com a indica\u00e7\u00e3o de uma imagem que expresse o seu conte\u00fado. b) Os textos devem ser apresentados em Word for Windows ou Editores de Texto do Sistema Linux,&#8230; <a class=\"more-link\" href=\"https:\/\/educacao.ufpr.br\/nesef\/normas-para-publicacao\/\">Continue Reading &rarr;<\/a><\/p>\n","protected":false},"author":398,"featured_media":0,"parent":0,"menu_order":0,"comment_status":"closed","ping_status":"closed","template":"","meta":{"_acf_changed":false,"footnotes":""},"class_list":["post-1818","page","type-page","status-publish","hentry"],"acf":[],"_links":{"self":[{"href":"https:\/\/educacao.ufpr.br\/nesef\/wp-json\/wp\/v2\/pages\/1818","targetHints":{"allow":["GET"]}}],"collection":[{"href":"https:\/\/educacao.ufpr.br\/nesef\/wp-json\/wp\/v2\/pages"}],"about":[{"href":"https:\/\/educacao.ufpr.br\/nesef\/wp-json\/wp\/v2\/types\/page"}],"author":[{"embeddable":true,"href":"https:\/\/educacao.ufpr.br\/nesef\/wp-json\/wp\/v2\/users\/398"}],"replies":[{"embeddable":true,"href":"https:\/\/educacao.ufpr.br\/nesef\/wp-json\/wp\/v2\/comments?post=1818"}],"version-history":[{"count":4,"href":"https:\/\/educacao.ufpr.br\/nesef\/wp-json\/wp\/v2\/pages\/1818\/revisions"}],"predecessor-version":[{"id":2205,"href":"https:\/\/educacao.ufpr.br\/nesef\/wp-json\/wp\/v2\/pages\/1818\/revisions\/2205"}],"wp:attachment":[{"href":"https:\/\/educacao.ufpr.br\/nesef\/wp-json\/wp\/v2\/media?parent=1818"}],"curies":[{"name":"wp","href":"https:\/\/api.w.org\/{rel}","templated":true}]}}