{"id":2365,"date":"2020-08-22T15:01:27","date_gmt":"2020-08-22T18:01:27","guid":{"rendered":"https:\/\/educacao.ufpr.br\/nesef\/?page_id=2365"},"modified":"2021-03-19T20:13:42","modified_gmt":"2021-03-19T23:13:42","slug":"testando","status":"publish","type":"page","link":"https:\/\/educacao.ufpr.br\/nesef\/testando\/","title":{"rendered":"JORNAL O S\u00cdSIFO"},"content":{"rendered":"<p class=\"yiv0420525271MsoNormal\">\u00a0S\u00edsifo \u00e9 um jornal eletr\u00f4nico mensal criado, em junho de 2018, pelo Coletivo do Nesef (N\u00facleo de Estudos e Pesquisas sobre o Ensino de Filosofia) para divulgar pesquisas relacionadas \u00e0 tem\u00e1tica de Educa\u00e7\u00e3o Filos\u00f3fica em suas m\u00faltiplas dimens\u00f5es, informa\u00e7\u00f5es e atividades que s\u00e3o desenvolvidas pelos integrantes do N\u00facleo e institui\u00e7\u00f5es parceiras.<\/p>\n<p class=\"yiv0420525271MsoNormal\">O jornal promove mensalmente a circula\u00e7\u00e3o de temas-problemas oriundos tanto da literatura quanto dos debates e estudos acad\u00eamicos ou ainda de situa\u00e7\u00f5es da vida cotidiana.<\/p>\n","protected":false},"excerpt":{"rendered":"<p>\u00a0S\u00edsifo \u00e9 um jornal eletr\u00f4nico mensal criado, em junho de 2018, pelo Coletivo do Nesef (N\u00facleo de Estudos e Pesquisas sobre o Ensino de Filosofia) para divulgar pesquisas relacionadas \u00e0 tem\u00e1tica de Educa\u00e7\u00e3o Filos\u00f3fica em suas m\u00faltiplas dimens\u00f5es, informa\u00e7\u00f5es e&#8230; <a class=\"more-link\" href=\"https:\/\/educacao.ufpr.br\/nesef\/testando\/\">Continue Reading &rarr;<\/a><\/p>\n","protected":false},"author":398,"featured_media":0,"parent":0,"menu_order":0,"comment_status":"closed","ping_status":"closed","template":"","meta":{"_acf_changed":false,"footnotes":""},"class_list":["post-2365","page","type-page","status-publish","hentry"],"acf":[],"_links":{"self":[{"href":"https:\/\/educacao.ufpr.br\/nesef\/wp-json\/wp\/v2\/pages\/2365","targetHints":{"allow":["GET"]}}],"collection":[{"href":"https:\/\/educacao.ufpr.br\/nesef\/wp-json\/wp\/v2\/pages"}],"about":[{"href":"https:\/\/educacao.ufpr.br\/nesef\/wp-json\/wp\/v2\/types\/page"}],"author":[{"embeddable":true,"href":"https:\/\/educacao.ufpr.br\/nesef\/wp-json\/wp\/v2\/users\/398"}],"replies":[{"embeddable":true,"href":"https:\/\/educacao.ufpr.br\/nesef\/wp-json\/wp\/v2\/comments?post=2365"}],"version-history":[{"count":2,"href":"https:\/\/educacao.ufpr.br\/nesef\/wp-json\/wp\/v2\/pages\/2365\/revisions"}],"predecessor-version":[{"id":2368,"href":"https:\/\/educacao.ufpr.br\/nesef\/wp-json\/wp\/v2\/pages\/2365\/revisions\/2368"}],"wp:attachment":[{"href":"https:\/\/educacao.ufpr.br\/nesef\/wp-json\/wp\/v2\/media?parent=2365"}],"curies":[{"name":"wp","href":"https:\/\/api.w.org\/{rel}","templated":true}]}}

JORNAL O SÍSIFO

<p class="yiv0420525271MsoNormal"> Sísifo é um jornal eletrônico mensal criado, em junho de 2018, pelo Coletivo do Nesef (Núcleo de Estudos e Pesquisas sobre o Ensino de Filosofia) para divulgar pesquisas relacionadas à temática de Educação Filosófica em suas múltiplas dimensões, informações e atividades que são desenvolvidas pelos integrantes do Núcleo e instituições parceiras.</p>
<p class="yiv0420525271MsoNormal">O jornal promove mensalmente a circulação de temas-problemas oriundos tanto da literatura quanto dos debates e estudos acadêmicos ou ainda de situações da vida cotidiana.</p>

<p> Sísifo é um jornal eletrônico mensal criado, em junho de 2018, pelo Coletivo do Nesef (Núcleo de Estudos e Pesquisas sobre o Ensino de Filosofia) para divulgar pesquisas relacionadas à temática de Educação Filosófica em suas múltiplas dimensões, informações e&#8230; <a class="more-link" href="https://educacao.ufpr.br/nesef/testando/">Continue Reading &rarr;</a></p>
