{"id":363,"date":"2017-10-26T17:26:11","date_gmt":"2017-10-26T17:26:11","guid":{"rendered":"https:\/\/educacao.ufpr.br\/nesef\/?page_id=363"},"modified":"2018-10-23T19:41:07","modified_gmt":"2018-10-23T19:41:07","slug":"cineclubismo","status":"publish","type":"page","link":"https:\/\/educacao.ufpr.br\/nesef\/cineclubismo\/","title":{"rendered":"Cineclubismo"},"content":{"rendered":"<p>ATEN\u00c7\u00c3O PARA A MUDAN\u00c7A DE LOCAL!<\/p>\n<p><img fetchpriority=\"high\" decoding=\"async\" class=\"alignnone size-medium wp-image-654\" src=\"https:\/\/educacao.ufpr.br\/nesef\/wp-content\/uploads\/sites\/10\/2018\/10\/jogo-de-cena-27-out-300x187.jpg\" alt=\"\" width=\"300\" height=\"187\" \/><\/p>\n<p>Cineclube Jogo de Cena Apresenta o Filme:<br \/>\nTerra em Transe<br \/>\nDir: Glauber Rocha<br \/>\nData: 27 de Outubro (S\u00e1bado)<br \/>\n14h30min<br \/>\nSala 232 A, Predio Teixeira Soares<br \/>\nNovo Setor de Educa\u00e7\u00e3o da UFPR<\/p>\n<p>SESS\u00c3O ABERTA AO PUBLICO!<\/p>\n<p>(ATEN\u00c7\u00c3O PARA A MUDAN\u00c7A DE LOCAL)<\/p>\n<p>&#8230;&#8230;&#8230;&#8230;&#8230;&#8230;&#8230;&#8230;&#8230;&#8230;&#8230;&#8230;&#8230;&#8230;&#8230;&#8230;&#8230;&#8230;&#8230;&#8230;&#8230;&#8230;&#8230;&#8230;&#8230;&#8230;&#8230;&#8230;&#8230;&#8230;&#8230;&#8230;&#8230;&#8230;&#8230;&#8230;&#8230;&#8230;&#8230;&#8230;&#8230;&#8230;&#8230;&#8230;&#8230;&#8230;&#8230;&#8230;&#8230;.<\/p>\n<p><img decoding=\"async\" class=\"alignnone size-medium wp-image-558\" src=\"https:\/\/educacao.ufpr.br\/nesef\/wp-content\/uploads\/sites\/10\/2018\/10\/IMG-20181002-WA0009-210x300.jpg\" alt=\"\" width=\"210\" height=\"300\" \/><\/p>\n<p>Cineclube Itinerante NESEF &#8211; Atividade Cineclubista\/Cineclube Sabar\u00e1 promovem: Cinema na Pra\u00e7a<br \/>\nDia 20 de Outubro \u00e0s 19 horas<br \/>\nLocal: Pra\u00e7a El Dourado, Moradias Sabar\u00e1 (CIC)<br \/>\nApresenta\u00e7\u00e3o-Exibi\u00e7\u00e3o-Troca de ideias<br \/>\nFilme: Era o Hotel Cambridge<br \/>\nDire\u00e7\u00e3o: Eliane Caff\u00e9 (1h32min)<\/p>\n","protected":false},"excerpt":{"rendered":"<p>ATEN\u00c7\u00c3O PARA A MUDAN\u00c7A DE LOCAL! Cineclube Jogo de Cena Apresenta o Filme: Terra em Transe Dir: Glauber Rocha Data: 27 de Outubro (S\u00e1bado) 14h30min Sala 232 A, Predio Teixeira Soares Novo Setor de Educa\u00e7\u00e3o da UFPR SESS\u00c3O ABERTA AO&#8230; <a class=\"more-link\" href=\"https:\/\/educacao.ufpr.br\/nesef\/cineclubismo\/\">Continue Reading &rarr;<\/a><\/p>\n","protected":false},"author":398,"featured_media":0,"parent":0,"menu_order":0,"comment_status":"closed","ping_status":"closed","template":"","meta":{"_acf_changed":false,"footnotes":""},"class_list":["post-363","page","type-page","status-publish","hentry"],"acf":[],"_links":{"self":[{"href":"https:\/\/educacao.ufpr.br\/nesef\/wp-json\/wp\/v2\/pages\/363","targetHints":{"allow":["GET"]}}],"collection":[{"href":"https:\/\/educacao.ufpr.br\/nesef\/wp-json\/wp\/v2\/pages"}],"about":[{"href":"https:\/\/educacao.ufpr.br\/nesef\/wp-json\/wp\/v2\/types\/page"}],"author":[{"embeddable":true,"href":"https:\/\/educacao.ufpr.br\/nesef\/wp-json\/wp\/v2\/users\/398"}],"replies":[{"embeddable":true,"href":"https:\/\/educacao.ufpr.br\/nesef\/wp-json\/wp\/v2\/comments?post=363"}],"version-history":[{"count":13,"href":"https:\/\/educacao.ufpr.br\/nesef\/wp-json\/wp\/v2\/pages\/363\/revisions"}],"predecessor-version":[{"id":655,"href":"https:\/\/educacao.ufpr.br\/nesef\/wp-json\/wp\/v2\/pages\/363\/revisions\/655"}],"wp:attachment":[{"href":"https:\/\/educacao.ufpr.br\/nesef\/wp-json\/wp\/v2\/media?parent=363"}],"curies":[{"name":"wp","href":"https:\/\/api.w.org\/{rel}","templated":true}]}}