{"id":485,"date":"2018-08-27T16:30:01","date_gmt":"2018-08-27T16:30:01","guid":{"rendered":"https:\/\/educacao.ufpr.br\/nesef\/?page_id=485"},"modified":"2020-11-29T09:36:56","modified_gmt":"2020-11-29T12:36:56","slug":"revista-do-nesef-diretrizes-para-publicacao","status":"publish","type":"page","link":"https:\/\/educacao.ufpr.br\/nesef\/revista-do-nesef-diretrizes-para-publicacao\/","title":{"rendered":"Revista do NESEF"},"content":{"rendered":"<p>Desde\u00a0\u00a0de 2016 a revista do NESEF passou a ser veiculada tamb\u00e9m\u00a0 na\u00a0 Biblioteca Digital de Peri\u00f3dicos da Universidade Federal do Paran\u00e1\u00a0 (BDP\/UFPR).<\/p>\n<p>Como parte do processo de submiss\u00e3o, os autores s\u00e3o obrigados a verificar a conformidade da submiss\u00e3o em rela\u00e7\u00e3o a todos os itens listados a seguir. As submiss\u00f5es que n\u00e3o estiverem de acordo com as normas ser\u00e3o devolvidas aos autores.<\/p>\n<ol>\n<li>A contribui\u00e7\u00e3o \u00e9 original e in\u00e9dita, e n\u00e3o est\u00e1 sendo avaliada para publica\u00e7\u00e3o por outra revista; caso contr\u00e1rio, deve-se justificar em &#8220;Coment\u00e1rios ao Editor&#8221;.<\/li>\n<li>Os arquivos para submiss\u00e3o est\u00e3o em formato Microsoft Word, OpenOffice ou RTF (desde que n\u00e3o ultrapassem 2MB)<\/li>\n<li>URLs para as refer\u00eancias foram informadas quando necess\u00e1rio.<\/li>\n<li>O texto est\u00e1 em espa\u00e7o simples; usa uma fonte de 12-pontos; emprega it\u00e1lico em vez de sublinhado (exceto em endere\u00e7os URL); as figuras e tabelas est\u00e3o inseridas no texto, n\u00e3o no final do documento, como anexos.<\/li>\n<li>O texto segue os padr\u00f5es de estilo e requisitos bibliogr\u00e1ficos descritos em\u00a0<a href=\"https:\/\/revistas.ufpr.br\/ojs2\/index.php\/nesef\/about\/submissions#authorGuidelines\">Diretrizes para Autores<\/a>, na se\u00e7\u00e3o Sobre a Revista.<\/li>\n<li>A identifica\u00e7\u00e3o de autoria do trabalho foi removida do arquivo e da op\u00e7\u00e3o Propriedades no Word, garantindo desta forma o crit\u00e9rio de sigilo da revista, caso submetido para avalia\u00e7\u00e3o por pares (ex.: artigos), conforme instru\u00e7\u00f5es dispon\u00edveis em\u00a0<a>Assegurando a Avalia\u00e7\u00e3o Cega por Pares<\/a>.<\/li>\n<\/ol>\n<p><strong>Para conferir as normas completas, basta acessar o link abaixo.<\/strong><\/p>\n<p><a href=\"https:\/\/educacao.ufpr.br\/nesef\/wp-content\/uploads\/sites\/10\/2018\/08\/Diretrizes_Revista-do-Nesef-Filosofia-e-Ensino1.pdf\">Diretrizes Revista do Nesef Filosofia e Ensino<\/a><\/p>\n<p>&nbsp;<\/p>\n","protected":false},"excerpt":{"rendered":"<p>Desde\u00a0\u00a0de 2016 a revista do NESEF passou a ser veiculada tamb\u00e9m\u00a0 na\u00a0 Biblioteca Digital de Peri\u00f3dicos da Universidade Federal do Paran\u00e1\u00a0 (BDP\/UFPR). Como parte do processo de submiss\u00e3o, os autores s\u00e3o obrigados a verificar a conformidade da submiss\u00e3o em rela\u00e7\u00e3o&#8230; <a class=\"more-link\" href=\"https:\/\/educacao.ufpr.br\/nesef\/revista-do-nesef-diretrizes-para-publicacao\/\">Continue Reading &rarr;<\/a><\/p>\n","protected":false},"author":398,"featured_media":0,"parent":0,"menu_order":0,"comment_status":"closed","ping_status":"closed","template":"","meta":{"_acf_changed":false,"footnotes":""},"class_list":["post-485","page","type-page","status-publish","hentry"],"acf":[],"_links":{"self":[{"href":"https:\/\/educacao.ufpr.br\/nesef\/wp-json\/wp\/v2\/pages\/485","targetHints":{"allow":["GET"]}}],"collection":[{"href":"https:\/\/educacao.ufpr.br\/nesef\/wp-json\/wp\/v2\/pages"}],"about":[{"href":"https:\/\/educacao.ufpr.br\/nesef\/wp-json\/wp\/v2\/types\/page"}],"author":[{"embeddable":true,"href":"https:\/\/educacao.ufpr.br\/nesef\/wp-json\/wp\/v2\/users\/398"}],"replies":[{"embeddable":true,"href":"https:\/\/educacao.ufpr.br\/nesef\/wp-json\/wp\/v2\/comments?post=485"}],"version-history":[{"count":7,"href":"https:\/\/educacao.ufpr.br\/nesef\/wp-json\/wp\/v2\/pages\/485\/revisions"}],"predecessor-version":[{"id":2651,"href":"https:\/\/educacao.ufpr.br\/nesef\/wp-json\/wp\/v2\/pages\/485\/revisions\/2651"}],"wp:attachment":[{"href":"https:\/\/educacao.ufpr.br\/nesef\/wp-json\/wp\/v2\/media?parent=485"}],"curies":[{"name":"wp","href":"https:\/\/api.w.org\/{rel}","templated":true}]}}

<p>Desde  de 2016 a revista do NESEF passou a ser veiculada também  na  Biblioteca Digital de Periódicos da Universidade Federal do Paraná  (BDP/UFPR).</p>
<p>Como parte do processo de submissão, os autores são obrigados a verificar a conformidade da submissão em relação a todos os itens listados a seguir. As submissões que não estiverem de acordo com as normas serão devolvidas aos autores.</p>
<ol>
<li>A contribuição é original e inédita, e não está sendo avaliada para publicação por outra revista; caso contrário, deve-se justificar em &#8220;Comentários ao Editor&#8221;.</li>
<li>Os arquivos para submissão estão em formato Microsoft Word, OpenOffice ou RTF (desde que não ultrapassem 2MB)</li>
<li>URLs para as referências foram informadas quando necessário.</li>
<li>O texto está em espaço simples; usa uma fonte de 12-pontos; emprega itálico em vez de sublinhado (exceto em endereços URL); as figuras e tabelas estão inseridas no texto, não no final do documento, como anexos.</li>
<li>O texto segue os padrões de estilo e requisitos bibliográficos descritos em <a href="https://revistas.ufpr.br/ojs2/index.php/nesef/about/submissions#authorGuidelines">Diretrizes para Autores</a>, na seção Sobre a Revista.</li>
<li>A identificação de autoria do trabalho foi removida do arquivo e da opção Propriedades no Word, garantindo desta forma o critério de sigilo da revista, caso submetido para avaliação por pares (ex.: artigos), conforme instruções disponíveis em <a>Assegurando a Avaliação Cega por Pares</a>.</li>
</ol>
<p><strong>Para conferir as normas completas, basta acessar o link abaixo.</strong></p>
<p><a href="https://educacao.ufpr.br/nesef/wp-content/uploads/sites/10/2018/08/Diretrizes_Revista-do-Nesef-Filosofia-e-Ensino1.pdf">Diretrizes Revista do Nesef Filosofia e Ensino</a></p>
<p>&nbsp;</p>

<p>Desde  de 2016 a revista do NESEF passou a ser veiculada também  na  Biblioteca Digital de Periódicos da Universidade Federal do Paraná  (BDP/UFPR). Como parte do processo de submissão, os autores são obrigados a verificar a conformidade da submissão em relação&#8230; <a class="more-link" href="https://educacao.ufpr.br/nesef/revista-do-nesef-diretrizes-para-publicacao/">Continue Reading &rarr;</a></p>
