{"id":31,"date":"2023-08-30T17:34:33","date_gmt":"2023-08-30T17:34:33","guid":{"rendered":"https:\/\/educacao.ufpr.br\/otp\/?page_id=31"},"modified":"2023-08-30T17:34:34","modified_gmt":"2023-08-30T17:34:34","slug":"docentes","status":"publish","type":"page","link":"https:\/\/educacao.ufpr.br\/otp\/docentes\/","title":{"rendered":"Docentes"},"content":{"rendered":"\n<p><strong>Listagem dos professores UFPR do curso: Docentes\/ Titula\u00e7\u00e3o participantes do Curso por ordem alfab\u00e9tica<\/strong>\u00a0<\/p>\n\n\n\n<p><a href=\"http:\/\/lattes.cnpq.br\/0333699057018073\">Professora Doutora Ana Lorena Bruel<\/a>\u00a0\u00a0<\/p>\n\n\n\n<p><a href=\"http:\/\/lattes.cnpq.br\/8297546771943363\">Professora Convidada Mestre Clarice Martins de Souza Batista<\/a>;\u00a0\u00a0\u00a0<\/p>\n\n\n\n<p><a href=\"http:\/\/lattes.cnpq.br\/6032492615504621\">Professora Doutora Jussara Maria Tavares Puglielli Santos<\/a>;\u00a0<\/p>\n\n\n\n<p><a href=\"http:\/\/lattes.cnpq.br\/6169040006979911\">Professora Doutora Maria Tereza Carneiro Soares;<\/a>\u00a0<\/p>\n\n\n\n<p><a href=\"http:\/\/lattes.cnpq.br\/2408431985055556\">Professora Doutora Marcia B. de Ara\u00fajo<\/a>;\u00a0\u00a0<\/p>\n\n\n\n<p><a href=\"http:\/\/lattes.cnpq.br\/9450995535014698\">Professora Doutora Rose Meri Trojan<\/a>;\u00a0<\/p>\n","protected":false},"excerpt":{"rendered":"<p>Listagem dos professores UFPR do curso: Docentes\/ Titula\u00e7\u00e3o participantes do Curso por ordem alfab\u00e9tica\u00a0 Professora Doutora Ana Lorena Bruel\u00a0\u00a0 Professora Convidada Mestre Clarice Martins de [&hellip;]<\/p>\n","protected":false},"author":1081,"featured_media":0,"parent":0,"menu_order":0,"comment_status":"closed","ping_status":"closed","template":"","meta":{"_acf_changed":false,"footnotes":""},"class_list":["post-31","page","type-page","status-publish","hentry"],"acf":[],"_links":{"self":[{"href":"https:\/\/educacao.ufpr.br\/otp\/wp-json\/wp\/v2\/pages\/31","targetHints":{"allow":["GET"]}}],"collection":[{"href":"https:\/\/educacao.ufpr.br\/otp\/wp-json\/wp\/v2\/pages"}],"about":[{"href":"https:\/\/educacao.ufpr.br\/otp\/wp-json\/wp\/v2\/types\/page"}],"author":[{"embeddable":true,"href":"https:\/\/educacao.ufpr.br\/otp\/wp-json\/wp\/v2\/users\/1081"}],"replies":[{"embeddable":true,"href":"https:\/\/educacao.ufpr.br\/otp\/wp-json\/wp\/v2\/comments?post=31"}],"version-history":[{"count":1,"href":"https:\/\/educacao.ufpr.br\/otp\/wp-json\/wp\/v2\/pages\/31\/revisions"}],"predecessor-version":[{"id":32,"href":"https:\/\/educacao.ufpr.br\/otp\/wp-json\/wp\/v2\/pages\/31\/revisions\/32"}],"wp:attachment":[{"href":"https:\/\/educacao.ufpr.br\/otp\/wp-json\/wp\/v2\/media?parent=31"}],"curies":[{"name":"wp","href":"https:\/\/api.w.org\/{rel}","templated":true}]}}

<p><strong>Listagem dos professores UFPR do curso: Docentes/ Titulação participantes do Curso por ordem alfabética</strong> </p>



<p><a href="http://lattes.cnpq.br/0333699057018073">Professora Doutora Ana Lorena Bruel</a>  </p>



<p><a href="http://lattes.cnpq.br/8297546771943363">Professora Convidada Mestre Clarice Martins de Souza Batista</a>;   </p>



<p><a href="http://lattes.cnpq.br/6032492615504621">Professora Doutora Jussara Maria Tavares Puglielli Santos</a>; </p>



<p><a href="http://lattes.cnpq.br/6169040006979911">Professora Doutora Maria Tereza Carneiro Soares;</a> </p>



<p><a href="http://lattes.cnpq.br/2408431985055556">Professora Doutora Marcia B. de Araújo</a>;  </p>



<p><a href="http://lattes.cnpq.br/9450995535014698">Professora Doutora Rose Meri Trojan</a>; </p>

<p>Listagem dos professores UFPR do curso: Docentes/ Titulação participantes do Curso por ordem alfabética  Professora Doutora Ana Lorena Bruel   Professora Convidada Mestre Clarice Martins de [&hellip;]</p>
