{"id":249,"date":"2022-06-14T17:43:09","date_gmt":"2022-06-14T17:43:09","guid":{"rendered":"https:\/\/educacao.ufpr.br\/pedagogia\/?post_type=orientacoes-cpt&#038;p=249"},"modified":"2026-04-16T20:19:01","modified_gmt":"2026-04-16T20:19:01","slug":"atividades-formativas","status":"publish","type":"orientacoes-cpt","link":"https:\/\/educacao.ufpr.br\/pedagogia\/orientacoes-cpt\/atividades-formativas\/","title":{"rendered":"ATIVIDADES FORMATIVAS"},"content":{"rendered":"\n<p>As Atividades Formativas (AF) s\u00e3o \u201cconstitu\u00eddas de atividades complementares em rela\u00e7\u00e3o ao eixo fundamental do curr\u00edculo, objetivando sua flexibiliza\u00e7\u00e3o.\u201d<\/p>\n\n\n\n<p>As AFs visam o enriquecimento da forma\u00e7\u00e3o acad\u00eamico profissional dos alunos DURANTE O CURSO \u2013 n\u00e3o antes, nem ap\u00f3s o t\u00e9rmino das disciplinas obrigat\u00f3rias e optativas.<\/p>\n\n\n\n<p>Cada estudante deve, na medida do poss\u00edvel, participar de eventos, cursos, inicia\u00e7\u00e3o cient\u00edfica, projetos de extens\u00e3o e est\u00e1gios n\u00e3o obrigat\u00f3rios, computando declara\u00e7\u00f5es e certificados que devem ser apresentados a um dos editais abertos pela Comiss\u00e3o respons\u00e1vel. Em geral \u00e9 aberto um edital, no in\u00edcio de cada semestre letivo.<\/p>\n\n\n\n<p>Para inscri\u00e7\u00e3o no edital, o\/a estudante deve ter j\u00e1 integralizado <strong>2.100<\/strong> horas do Curso, e deve ser entregue a documenta\u00e7\u00e3o da totalidade dos documentos para as horas formativas.<\/p>\n\n\n\n<p>A an\u00e1lise destas horas e documentos \u00e9 feita pela Comiss\u00e3o Permanente de Acompanhamento de Atividades Formativas, composta por docentes dos tr\u00eas departamentos que fazem parte do Setor de Educa\u00e7\u00e3o.<\/p>\n\n\n\n<p>Para cada curr\u00edculo h\u00e1 uma exig\u00eancia diferente, confira:<\/p>\n\n\n\n<p>&#8211; <em>curr\u00edculo 2009<\/em> \u2013 110 horas, distribu\u00eddas em ao menos 3 dos grupos de AFs. H\u00e1 limite de 40 horas no m\u00e1ximo por atividade ou grupo (ver o regulamento deste curr\u00edculo, abaixo).<\/p>\n\n\n\n<p>&#8211; <em>curr\u00edculo 2019<\/em> \u2013 200 horas, distribu\u00eddas em ao menos 4 dos grupos de AFs. H\u00e1 limite de 50 horas no m\u00e1ximo, por grupo (ver o regulamento deste curr\u00edculo, abaixo).<\/p>\n\n\n\n<p>Os grupos em que podem ser realizadas as AFs s\u00e3o os seguintes:<\/p>\n\n\n\n<p><strong>GRUPOS DE ATIVIDADES FORMATIVAS \u2013 V\u00c1LIDOS PARA OS DOIS CURR\u00cdCULOS<\/strong><\/p>\n\n\n\n<figure class=\"wp-block-table\"><table><tbody><tr><td><strong>Grupo I \u2013 Atividades Formativas de ensino<\/strong>: a) disciplinas eletivas; b) curso de l\u00edngua estrangeira.<\/td><\/tr><tr><td><strong>Grupo II &#8211; Atividades Formativas de pesquisa<\/strong>: a) Participa\u00e7\u00e3o em grupos de pesquisa; b) Inicia\u00e7\u00e3o Cient\u00edfica; c) PIBID.<\/td><\/tr><tr><td><strong>Grupo III &#8211; Atividades Formativas de extens\u00e3o<\/strong>: a) participa\u00e7\u00e3o em projetos de extens\u00e3o e em programas de voluntariado na \u00e1rea educacional, al\u00e9m de PIBID e Licenciar; b) participa\u00e7\u00e3o em cursos e oficinas; c) atividades art\u00edsticas e culturais.<\/td><\/tr><tr><td><strong>Grupo IV &#8211; Atividades Formativas de est\u00e1gios<\/strong>: est\u00e1gios n\u00e3o obrigat\u00f3rios.<\/td><\/tr><tr><td><strong>Grupo V &#8211; Atividades Formativas de monitoria<\/strong>: atividades de monitoria.<\/td><\/tr><tr><td><strong>Grupo VI &#8211; Atividades Formativas de representa\u00e7\u00e3o<\/strong>: a) representa\u00e7\u00e3o estudantil em \u00f3rg\u00e3os de delibera\u00e7\u00e3o na UFPR (Departamentos, Conselhos Setoriais e Superiores, Colegiados e Ceape); b) representa\u00e7\u00e3o em entidades estudantis (UNE, DCE, CAs e outras).<\/td><\/tr><tr><td><strong>Grupo VII &#8211; Atividades Formativas em eventos cient\u00edficos<\/strong>: participa\u00e7\u00e3o em jornadas, congressos, eventos, simp\u00f3sios e atividades afins.<\/td><\/tr><tr><td><strong>Grupo VIII &#8211; Atividades Formativas de produ\u00e7\u00e3o e divulga\u00e7\u00e3o do conhecimento na \u00e1rea educacional<\/strong>: artigo; resumo; livro; resenha; material did\u00e1tico.<\/td><\/tr><\/tbody><\/table><\/figure>\n\n\n\n<p><strong>Regulamento Atividades Formativas<\/strong><\/p>\n\n\n\n<div data-wp-interactive=\"core\/file\" class=\"wp-block-file\"><object data-wp-bind--hidden=\"!state.hasPdfPreview\" hidden class=\"wp-block-file__embed\" data=\"https:\/\/educacao.ufpr.br\/pedagogia\/wp-content\/uploads\/sites\/14\/2022\/06\/regulamento-das-atividades-formativas-2009-5.pdf\" type=\"application\/pdf\" style=\"width:100%;height:600px\" aria-label=\"Incorporado de Regulamento-das-Atividades-Formativas-2009 (5).\"><\/object><a id=\"wp-block-file--media-01f870a1-a13c-4761-96b7-a763d5ed202d\" href=\"https:\/\/educacao.ufpr.br\/pedagogia\/wp-content\/uploads\/sites\/14\/2022\/06\/regulamento-das-atividades-formativas-2009-5.pdf\">Regulamento-das-Atividades-Formativas-2009 (5)<\/a><a href=\"https:\/\/educacao.ufpr.br\/pedagogia\/wp-content\/uploads\/sites\/14\/2022\/06\/regulamento-das-atividades-formativas-2009-5.pdf\" class=\"wp-block-file__button wp-element-button\" download aria-describedby=\"wp-block-file--media-01f870a1-a13c-4761-96b7-a763d5ed202d\">Baixar<\/a><\/div>\n\n\n\n<p><strong>Regulamento das Atividades Formativas Complementares<\/strong><\/p>\n\n\n\n<div data-wp-interactive=\"core\/file\" class=\"wp-block-file\"><object data-wp-bind--hidden=\"!state.hasPdfPreview\" hidden class=\"wp-block-file__embed\" data=\"https:\/\/educacao.ufpr.br\/pedagogia\/wp-content\/uploads\/sites\/14\/2022\/06\/regulamento-das-atividades-formativas-2019_2025-2.pdf\" type=\"application\/pdf\" style=\"width:100%;height:600px\" aria-label=\"Incorporado de Regulamento-das-Atividades-Formativas-2019_2025 (2).\"><\/object><a id=\"wp-block-file--media-f166a2f9-2dd3-4e36-9558-8aed398edf4f\" href=\"https:\/\/educacao.ufpr.br\/pedagogia\/wp-content\/uploads\/sites\/14\/2022\/06\/regulamento-das-atividades-formativas-2019_2025-2.pdf\">Regulamento-das-Atividades-Formativas-2019_2025 (2)<\/a><a href=\"https:\/\/educacao.ufpr.br\/pedagogia\/wp-content\/uploads\/sites\/14\/2022\/06\/regulamento-das-atividades-formativas-2019_2025-2.pdf\" class=\"wp-block-file__button wp-element-button\" download aria-describedby=\"wp-block-file--media-f166a2f9-2dd3-4e36-9558-8aed398edf4f\">Baixar<\/a><\/div>\n\n\n\n<p><strong>Formul\u00e1rio de Inscri\u00e7\u00e3o<\/strong><\/p>\n\n\n\n<div class=\"wp-block-file\"><a id=\"wp-block-file--media-6ec52e15-6825-4429-87df-383f3b9193fd\" href=\"https:\/\/educacao.ufpr.br\/pedagogia\/wp-content\/uploads\/sites\/14\/2022\/06\/formulario-2026_site.docx\">formulario-2026_site<\/a><a href=\"https:\/\/educacao.ufpr.br\/pedagogia\/wp-content\/uploads\/sites\/14\/2022\/06\/formulario-2026_site.docx\" class=\"wp-block-file__button wp-element-button\" download aria-describedby=\"wp-block-file--media-6ec52e15-6825-4429-87df-383f3b9193fd\">Baixar<\/a><\/div>\n\n\n\n<p><strong>FAQ<\/strong><\/p>\n\n\n\n<div data-wp-interactive=\"core\/file\" class=\"wp-block-file\"><object data-wp-bind--hidden=\"!state.hasPdfPreview\" hidden class=\"wp-block-file__embed\" data=\"https:\/\/educacao.ufpr.br\/pedagogia\/wp-content\/uploads\/sites\/14\/2022\/06\/faq-2.pdf\" type=\"application\/pdf\" style=\"width:100%;height:600px\" aria-label=\"Incorporado de FAQ (2).\"><\/object><a id=\"wp-block-file--media-23a51d68-0346-450e-b406-d120bc9b7f6c\" href=\"https:\/\/educacao.ufpr.br\/pedagogia\/wp-content\/uploads\/sites\/14\/2022\/06\/faq-2.pdf\">FAQ (2)<\/a><a href=\"https:\/\/educacao.ufpr.br\/pedagogia\/wp-content\/uploads\/sites\/14\/2022\/06\/faq-2.pdf\" class=\"wp-block-file__button wp-element-button\" download aria-describedby=\"wp-block-file--media-23a51d68-0346-450e-b406-d120bc9b7f6c\">Baixar<\/a><\/div>\n\n\n\n<p><\/p>\n","protected":false},"featured_media":0,"template":"","class_list":["post-249","orientacoes-cpt","type-orientacoes-cpt","status-publish","hentry"],"acf":[],"_links":{"self":[{"href":"https:\/\/educacao.ufpr.br\/pedagogia\/wp-json\/wp\/v2\/orientacoes-cpt\/249","targetHints":{"allow":["GET"]}}],"collection":[{"href":"https:\/\/educacao.ufpr.br\/pedagogia\/wp-json\/wp\/v2\/orientacoes-cpt"}],"about":[{"href":"https:\/\/educacao.ufpr.br\/pedagogia\/wp-json\/wp\/v2\/types\/orientacoes-cpt"}],"wp:attachment":[{"href":"https:\/\/educacao.ufpr.br\/pedagogia\/wp-json\/wp\/v2\/media?parent=249"}],"curies":[{"name":"wp","href":"https:\/\/api.w.org\/{rel}","templated":true}]}}

<p>As Atividades Formativas (AF) são “constituídas de atividades complementares em relação ao eixo fundamental do currículo, objetivando sua flexibilização.”</p>



<p>As AFs visam o enriquecimento da formação acadêmico profissional dos alunos DURANTE O CURSO – não antes, nem após o término das disciplinas obrigatórias e optativas.</p>



<p>Cada estudante deve, na medida do possível, participar de eventos, cursos, iniciação científica, projetos de extensão e estágios não obrigatórios, computando declarações e certificados que devem ser apresentados a um dos editais abertos pela Comissão responsável. Em geral é aberto um edital, no início de cada semestre letivo.</p>



<p>Para inscrição no edital, o/a estudante deve ter já integralizado <strong>2.100</strong> horas do Curso, e deve ser entregue a documentação da totalidade dos documentos para as horas formativas.</p>



<p>A análise destas horas e documentos é feita pela Comissão Permanente de Acompanhamento de Atividades Formativas, composta por docentes dos três departamentos que fazem parte do Setor de Educação.</p>



<p>Para cada currículo há uma exigência diferente, confira:</p>



<p>&#8211; <em>currículo 2009</em> – 110 horas, distribuídas em ao menos 3 dos grupos de AFs. Há limite de 40 horas no máximo por atividade ou grupo (ver o regulamento deste currículo, abaixo).</p>



<p>&#8211; <em>currículo 2019</em> – 200 horas, distribuídas em ao menos 4 dos grupos de AFs. Há limite de 50 horas no máximo, por grupo (ver o regulamento deste currículo, abaixo).</p>



<p>Os grupos em que podem ser realizadas as AFs são os seguintes:</p>



<p><strong>GRUPOS DE ATIVIDADES FORMATIVAS – VÁLIDOS PARA OS DOIS CURRÍCULOS</strong></p>



<figure class="wp-block-table"><table><tbody><tr><td><strong>Grupo I – Atividades Formativas de ensino</strong>: a) disciplinas eletivas; b) curso de língua estrangeira.</td></tr><tr><td><strong>Grupo II &#8211; Atividades Formativas de pesquisa</strong>: a) Participação em grupos de pesquisa; b) Iniciação Científica; c) PIBID.</td></tr><tr><td><strong>Grupo III &#8211; Atividades Formativas de extensão</strong>: a) participação em projetos de extensão e em programas de voluntariado na área educacional, além de PIBID e Licenciar; b) participação em cursos e oficinas; c) atividades artísticas e culturais.</td></tr><tr><td><strong>Grupo IV &#8211; Atividades Formativas de estágios</strong>: estágios não obrigatórios.</td></tr><tr><td><strong>Grupo V &#8211; Atividades Formativas de monitoria</strong>: atividades de monitoria.</td></tr><tr><td><strong>Grupo VI &#8211; Atividades Formativas de representação</strong>: a) representação estudantil em órgãos de deliberação na UFPR (Departamentos, Conselhos Setoriais e Superiores, Colegiados e Ceape); b) representação em entidades estudantis (UNE, DCE, CAs e outras).</td></tr><tr><td><strong>Grupo VII &#8211; Atividades Formativas em eventos científicos</strong>: participação em jornadas, congressos, eventos, simpósios e atividades afins.</td></tr><tr><td><strong>Grupo VIII &#8211; Atividades Formativas de produção e divulgação do conhecimento na área educacional</strong>: artigo; resumo; livro; resenha; material didático.</td></tr></tbody></table></figure>



<p><strong>Regulamento Atividades Formativas</strong></p>



<div data-wp-interactive="core/file" class="wp-block-file"><object data-wp-bind--hidden="!state.hasPdfPreview" hidden class="wp-block-file__embed" data="https://educacao.ufpr.br/pedagogia/wp-content/uploads/sites/14/2022/06/regulamento-das-atividades-formativas-2009-5.pdf" type="application/pdf" style="width:100%;height:600px" aria-label="Incorporado de Regulamento-das-Atividades-Formativas-2009 (5)."></object><a id="wp-block-file--media-01f870a1-a13c-4761-96b7-a763d5ed202d" href="https://educacao.ufpr.br/pedagogia/wp-content/uploads/sites/14/2022/06/regulamento-das-atividades-formativas-2009-5.pdf">Regulamento-das-Atividades-Formativas-2009 (5)</a><a href="https://educacao.ufpr.br/pedagogia/wp-content/uploads/sites/14/2022/06/regulamento-das-atividades-formativas-2009-5.pdf" class="wp-block-file__button wp-element-button" download aria-describedby="wp-block-file--media-01f870a1-a13c-4761-96b7-a763d5ed202d">Baixar</a></div>



<p><strong>Regulamento das Atividades Formativas Complementares</strong></p>



<div data-wp-interactive="core/file" class="wp-block-file"><object data-wp-bind--hidden="!state.hasPdfPreview" hidden class="wp-block-file__embed" data="https://educacao.ufpr.br/pedagogia/wp-content/uploads/sites/14/2022/06/regulamento-das-atividades-formativas-2019_2025-2.pdf" type="application/pdf" style="width:100%;height:600px" aria-label="Incorporado de Regulamento-das-Atividades-Formativas-2019_2025 (2)."></object><a id="wp-block-file--media-f166a2f9-2dd3-4e36-9558-8aed398edf4f" href="https://educacao.ufpr.br/pedagogia/wp-content/uploads/sites/14/2022/06/regulamento-das-atividades-formativas-2019_2025-2.pdf">Regulamento-das-Atividades-Formativas-2019_2025 (2)</a><a href="https://educacao.ufpr.br/pedagogia/wp-content/uploads/sites/14/2022/06/regulamento-das-atividades-formativas-2019_2025-2.pdf" class="wp-block-file__button wp-element-button" download aria-describedby="wp-block-file--media-f166a2f9-2dd3-4e36-9558-8aed398edf4f">Baixar</a></div>



<p><strong>Formulário de Inscrição</strong></p>



<div class="wp-block-file"><a id="wp-block-file--media-6ec52e15-6825-4429-87df-383f3b9193fd" href="https://educacao.ufpr.br/pedagogia/wp-content/uploads/sites/14/2022/06/formulario-2026_site.docx">formulario-2026_site</a><a href="https://educacao.ufpr.br/pedagogia/wp-content/uploads/sites/14/2022/06/formulario-2026_site.docx" class="wp-block-file__button wp-element-button" download aria-describedby="wp-block-file--media-6ec52e15-6825-4429-87df-383f3b9193fd">Baixar</a></div>



<p><strong>FAQ</strong></p>



<div data-wp-interactive="core/file" class="wp-block-file"><object data-wp-bind--hidden="!state.hasPdfPreview" hidden class="wp-block-file__embed" data="https://educacao.ufpr.br/pedagogia/wp-content/uploads/sites/14/2022/06/faq-2.pdf" type="application/pdf" style="width:100%;height:600px" aria-label="Incorporado de FAQ (2)."></object><a id="wp-block-file--media-23a51d68-0346-450e-b406-d120bc9b7f6c" href="https://educacao.ufpr.br/pedagogia/wp-content/uploads/sites/14/2022/06/faq-2.pdf">FAQ (2)</a><a href="https://educacao.ufpr.br/pedagogia/wp-content/uploads/sites/14/2022/06/faq-2.pdf" class="wp-block-file__button wp-element-button" download aria-describedby="wp-block-file--media-23a51d68-0346-450e-b406-d120bc9b7f6c">Baixar</a></div>



<p></p>
