{"id":409,"date":"2018-03-27T21:37:36","date_gmt":"2018-03-27T21:37:36","guid":{"rendered":"https:\/\/educacao.ufpr.br\/sepe\/?page_id=409"},"modified":"2019-03-22T18:09:17","modified_gmt":"2019-03-22T18:09:17","slug":"inscricoes-sepe-2018","status":"publish","type":"page","link":"https:\/\/educacao.ufpr.br\/sepe\/inscricoes-sepe-2018\/","title":{"rendered":"INSCRI\u00c7\u00d5ES"},"content":{"rendered":"<p><strong><span style=\"color: #ff0000;\">INSCRI\u00c7\u00d5ES AT\u00c9 25 DE MAR\u00c7O<\/span><\/strong><\/p>\n<p style=\"text-align: left;\">As inscri\u00e7\u00f5es de trabalhos ser\u00e3o realizadas somente por meio dos formul\u00e1rios on-line, no per\u00edodo de 12 a 25 de mar\u00e7o de 2019, nas seguintes modalidades:<\/p>\n<p><a href=\"https:\/\/goo.gl\/forms\/PtSzW38rgE2SI0ao2\">Comunica\u00e7\u00f5es orais<\/a><\/p>\n<p><a href=\"https:\/\/goo.gl\/forms\/qD4ovyQBjQQpWaHc2\">Minicursos<\/a><\/p>\n<p><a href=\"https:\/\/goo.gl\/forms\/D6nhMIQiPTmtgpxP2\">Oficinas<\/a><\/p>\n<p><a href=\"https:\/\/goo.gl\/forms\/WigqlVAAekxSnfbu2\">Mesas Redondas<\/a><\/p>\n<p><a href=\"https:\/\/goo.gl\/forms\/xEH13QHySMzm4yuq1\">Lan\u00e7amento de livros\u00a0<\/a><\/p>\n<p><a href=\"https:\/\/drive.google.com\/file\/d\/1jZyWU2IOUAi-1oJ4MpFLEigVvlvaBoIu\/view?usp=sharing\"><strong><u>Aten\u00e7\u00e3o \u00e0s Normas<\/u><\/strong><\/a>: Trabalhos que n\u00e3o atendam \u00e0s normas estabelecidas ser\u00e3o desclassificados.<\/p>\n<p>&nbsp;<\/p>\n<p><iframe title=\"Como redigir um resumo para a SEPE 2019\" width=\"500\" height=\"375\" src=\"https:\/\/www.youtube.com\/embed\/9CPCrc_tIyY?feature=oembed\" frameborder=\"0\" allow=\"accelerometer; autoplay; clipboard-write; encrypted-media; gyroscope; picture-in-picture; web-share\" referrerpolicy=\"strict-origin-when-cross-origin\" allowfullscreen><\/iframe><\/p>\n","protected":false},"excerpt":{"rendered":"<p>INSCRI\u00c7\u00d5ES AT\u00c9 25 DE MAR\u00c7O As inscri\u00e7\u00f5es de trabalhos ser\u00e3o realizadas somente por meio dos formul\u00e1rios on-line, no per\u00edodo de 12 a 25 de mar\u00e7o [&hellip;]<\/p>\n","protected":false},"author":1075,"featured_media":0,"parent":0,"menu_order":0,"comment_status":"closed","ping_status":"closed","template":"","meta":{"_acf_changed":false,"footnotes":""},"class_list":["post-409","page","type-page","status-publish","hentry"],"acf":[],"_links":{"self":[{"href":"https:\/\/educacao.ufpr.br\/sepe\/wp-json\/wp\/v2\/pages\/409","targetHints":{"allow":["GET"]}}],"collection":[{"href":"https:\/\/educacao.ufpr.br\/sepe\/wp-json\/wp\/v2\/pages"}],"about":[{"href":"https:\/\/educacao.ufpr.br\/sepe\/wp-json\/wp\/v2\/types\/page"}],"author":[{"embeddable":true,"href":"https:\/\/educacao.ufpr.br\/sepe\/wp-json\/wp\/v2\/users\/1075"}],"replies":[{"embeddable":true,"href":"https:\/\/educacao.ufpr.br\/sepe\/wp-json\/wp\/v2\/comments?post=409"}],"version-history":[{"count":7,"href":"https:\/\/educacao.ufpr.br\/sepe\/wp-json\/wp\/v2\/pages\/409\/revisions"}],"predecessor-version":[{"id":496,"href":"https:\/\/educacao.ufpr.br\/sepe\/wp-json\/wp\/v2\/pages\/409\/revisions\/496"}],"wp:attachment":[{"href":"https:\/\/educacao.ufpr.br\/sepe\/wp-json\/wp\/v2\/media?parent=409"}],"curies":[{"name":"wp","href":"https:\/\/api.w.org\/{rel}","templated":true}]}}

INSCRIÇÕES

<p><strong><span style="color: #ff0000;">INSCRIÇÕES ATÉ 25 DE MARÇO</span></strong></p>
<p style="text-align: left;">As inscrições de trabalhos serão realizadas somente por meio dos formulários on-line, no período de 12 a 25 de março de 2019, nas seguintes modalidades:</p>
<p><a href="https://goo.gl/forms/PtSzW38rgE2SI0ao2">Comunicações orais</a></p>
<p><a href="https://goo.gl/forms/qD4ovyQBjQQpWaHc2">Minicursos</a></p>
<p><a href="https://goo.gl/forms/D6nhMIQiPTmtgpxP2">Oficinas</a></p>
<p><a href="https://goo.gl/forms/WigqlVAAekxSnfbu2">Mesas Redondas</a></p>
<p><a href="https://goo.gl/forms/xEH13QHySMzm4yuq1">Lançamento de livros </a></p>
<p><a href="https://drive.google.com/file/d/1jZyWU2IOUAi-1oJ4MpFLEigVvlvaBoIu/view?usp=sharing"><strong><u>Atenção às Normas</u></strong></a>: Trabalhos que não atendam às normas estabelecidas serão desclassificados.</p>
<p>&nbsp;</p>
<p><iframe title="Como redigir um resumo para a SEPE 2019" width="500" height="375" src="https://www.youtube.com/embed/9CPCrc_tIyY?feature=oembed" frameborder="0" allow="accelerometer; autoplay; clipboard-write; encrypted-media; gyroscope; picture-in-picture; web-share" referrerpolicy="strict-origin-when-cross-origin" allowfullscreen></iframe></p>

<p>INSCRIÇÕES ATÉ 25 DE MARÇO As inscrições de trabalhos serão realizadas somente por meio dos formulários on-line, no período de 12 a 25 de março [&hellip;]</p>
