{"id":18,"date":"2021-06-07T19:29:54","date_gmt":"2021-06-07T19:29:54","guid":{"rendered":"https:\/\/educacao.ufpr.br\/tessitura\/?page_id=18"},"modified":"2021-11-09T17:00:36","modified_gmt":"2021-11-09T17:00:36","slug":"defesas","status":"publish","type":"page","link":"https:\/\/educacao.ufpr.br\/tessitura\/agenda\/defesas\/","title":{"rendered":"Defesas"},"content":{"rendered":"<p>Defesa de disserta\u00e7\u00e3o de mestrado<\/p>\n<p>Flavia Manuella de Almeida Ksiaszczyk<\/p>\n<p>Dia 29 de novembro \u00e0s 14h (hor\u00e1rio de Bras\u00edlia)<\/p>\n<p>sala virtual:<a href=\"https:\/\/meet.jit.si\/DefesaFlavia\">https:\/\/meet.jit.si\/DefesaFlavia<\/a><\/p>\n<p><img fetchpriority=\"high\" decoding=\"async\" class=\"alignnone size-full wp-image-135\" src=\"https:\/\/educacao.ufpr.br\/tessitura\/wp-content\/uploads\/sites\/11\/2021\/11\/Convite-Defesa-Mestrado_Flavia-2.jpg\" alt=\"\" width=\"529\" height=\"756\" srcset=\"https:\/\/educacao.ufpr.br\/tessitura\/wp-content\/uploads\/sites\/11\/2021\/11\/Convite-Defesa-Mestrado_Flavia-2.jpg 529w, https:\/\/educacao.ufpr.br\/tessitura\/wp-content\/uploads\/sites\/11\/2021\/11\/Convite-Defesa-Mestrado_Flavia-2-210x300.jpg 210w\" sizes=\"(max-width: 529px) 100vw, 529px\" \/><\/p>\n<p>________________________<\/p>\n<p>Defesa de tese de doutorado<br \/>\nSandra Sausen Ferreira dos Santos<br \/>\nDia 24 de setembro \u00e0s 14h (hor\u00e1rio de Bras\u00edlia)<\/p>\n<p>sala virtual:\u00a0<a href=\"https:\/\/meet.google.com\/cam-ezdz-wep\" target=\"_blank\" rel=\"noopener\">https:\/\/meet.google.com\/cam-ezdz-wep<\/a><\/p>\n<p><img decoding=\"async\" class=\"alignnone size-full wp-image-116\" src=\"https:\/\/educacao.ufpr.br\/tessitura\/wp-content\/uploads\/sites\/11\/2021\/09\/Convite-Defesa-Doutorado-Sandra.jpg\" alt=\"\" width=\"529\" height=\"756\" srcset=\"https:\/\/educacao.ufpr.br\/tessitura\/wp-content\/uploads\/sites\/11\/2021\/09\/Convite-Defesa-Doutorado-Sandra.jpg 529w, https:\/\/educacao.ufpr.br\/tessitura\/wp-content\/uploads\/sites\/11\/2021\/09\/Convite-Defesa-Doutorado-Sandra-210x300.jpg 210w\" sizes=\"(max-width: 529px) 100vw, 529px\" \/><\/p>\n<p>&nbsp;<\/p>\n<p>___________________________________________________<\/p>\n<p>Defesa de tese de doutorado<br \/>\nHeliza Cola\u00e7o G\u00f3es<br \/>\nDia 30 de junho \u00e0s 9h (hor\u00e1rio de Bras\u00edlia)<br \/>\nsala virtual: <a href=\"http:\/\/meet.google.com\/axp-wedt-jiv\">http:\/\/meet.google.com\/axp-wedt-jiv<\/a><\/p>\n<p><img decoding=\"async\" class=\"alignnone size-full wp-image-69\" src=\"https:\/\/educacao.ufpr.br\/tessitura\/wp-content\/uploads\/sites\/11\/2021\/06\/Convite-Defesa-Doutorado-Heliza.jpg\" alt=\"\" width=\"529\" height=\"756\" srcset=\"https:\/\/educacao.ufpr.br\/tessitura\/wp-content\/uploads\/sites\/11\/2021\/06\/Convite-Defesa-Doutorado-Heliza.jpg 529w, https:\/\/educacao.ufpr.br\/tessitura\/wp-content\/uploads\/sites\/11\/2021\/06\/Convite-Defesa-Doutorado-Heliza-210x300.jpg 210w\" sizes=\"(max-width: 529px) 100vw, 529px\" \/><\/p>\n","protected":false},"excerpt":{"rendered":"<p>Defesa de disserta\u00e7\u00e3o de mestrado Flavia Manuella de Almeida Ksiaszczyk Dia 29 de novembro \u00e0s 14h (hor\u00e1rio de Bras\u00edlia) sala virtual:https:\/\/meet.jit.si\/DefesaFlavia ________________________ Defesa de tese de doutorado Sandra Sausen Ferreira&hellip; <\/p>\n","protected":false},"author":1075,"featured_media":0,"parent":16,"menu_order":1,"comment_status":"closed","ping_status":"closed","template":"","meta":{"_acf_changed":false,"footnotes":""},"class_list":["post-18","page","type-page","status-publish","hentry"],"acf":[],"_links":{"self":[{"href":"https:\/\/educacao.ufpr.br\/tessitura\/wp-json\/wp\/v2\/pages\/18","targetHints":{"allow":["GET"]}}],"collection":[{"href":"https:\/\/educacao.ufpr.br\/tessitura\/wp-json\/wp\/v2\/pages"}],"about":[{"href":"https:\/\/educacao.ufpr.br\/tessitura\/wp-json\/wp\/v2\/types\/page"}],"author":[{"embeddable":true,"href":"https:\/\/educacao.ufpr.br\/tessitura\/wp-json\/wp\/v2\/users\/1075"}],"replies":[{"embeddable":true,"href":"https:\/\/educacao.ufpr.br\/tessitura\/wp-json\/wp\/v2\/comments?post=18"}],"version-history":[{"count":8,"href":"https:\/\/educacao.ufpr.br\/tessitura\/wp-json\/wp\/v2\/pages\/18\/revisions"}],"predecessor-version":[{"id":136,"href":"https:\/\/educacao.ufpr.br\/tessitura\/wp-json\/wp\/v2\/pages\/18\/revisions\/136"}],"up":[{"embeddable":true,"href":"https:\/\/educacao.ufpr.br\/tessitura\/wp-json\/wp\/v2\/pages\/16"}],"wp:attachment":[{"href":"https:\/\/educacao.ufpr.br\/tessitura\/wp-json\/wp\/v2\/media?parent=18"}],"curies":[{"name":"wp","href":"https:\/\/api.w.org\/{rel}","templated":true}]}}