{"id":32,"date":"2021-06-07T19:32:15","date_gmt":"2021-06-07T19:32:15","guid":{"rendered":"https:\/\/educacao.ufpr.br\/tessitura\/?page_id=32"},"modified":"2021-09-27T17:37:09","modified_gmt":"2021-09-27T17:37:09","slug":"e-books","status":"publish","type":"page","link":"https:\/\/educacao.ufpr.br\/tessitura\/publicacoes\/e-books\/","title":{"rendered":"E-books"},"content":{"rendered":"<p><a href=\"https:\/\/educacao.ufpr.br\/tessitura\/wp-content\/uploads\/sites\/11\/2021\/09\/E-book-Complexidade-e-forma\u00e7\u00e3o-de-professores-tessituras-poss\u00edveis-2021-1.pdf\" target=\"_blank\" rel=\"noopener\"><img fetchpriority=\"high\" decoding=\"async\" class=\"wp-image-101 aligncenter\" src=\"https:\/\/educacao.ufpr.br\/tessitura\/wp-content\/uploads\/sites\/11\/2021\/09\/Capa_Ebook1.jpg\" alt=\"\" width=\"248\" height=\"355\" srcset=\"https:\/\/educacao.ufpr.br\/tessitura\/wp-content\/uploads\/sites\/11\/2021\/09\/Capa_Ebook1.jpg 489w, https:\/\/educacao.ufpr.br\/tessitura\/wp-content\/uploads\/sites\/11\/2021\/09\/Capa_Ebook1-210x300.jpg 210w\" sizes=\"(max-width: 248px) 100vw, 248px\" \/><\/a><\/p>\n<p style=\"text-align: center\"><a href=\"https:\/\/educacao.ufpr.br\/tessitura\/wp-content\/uploads\/sites\/11\/2021\/09\/E-book-Complexidade-e-forma\u00e7\u00e3o-de-professores-tessituras-poss\u00edveis-2021-1.pdf\" target=\"_blank\" rel=\"noopener\">Complexidade e Forma\u00e7\u00e3o de Professores: tessituras poss\u00edveis<\/a><\/p>\n","protected":false},"excerpt":{"rendered":"<p>Complexidade e Forma\u00e7\u00e3o de Professores: tessituras poss\u00edveis<\/p>\n","protected":false},"author":1075,"featured_media":0,"parent":28,"menu_order":2,"comment_status":"closed","ping_status":"closed","template":"","meta":{"_acf_changed":false,"footnotes":""},"class_list":["post-32","page","type-page","status-publish","hentry"],"acf":[],"_links":{"self":[{"href":"https:\/\/educacao.ufpr.br\/tessitura\/wp-json\/wp\/v2\/pages\/32","targetHints":{"allow":["GET"]}}],"collection":[{"href":"https:\/\/educacao.ufpr.br\/tessitura\/wp-json\/wp\/v2\/pages"}],"about":[{"href":"https:\/\/educacao.ufpr.br\/tessitura\/wp-json\/wp\/v2\/types\/page"}],"author":[{"embeddable":true,"href":"https:\/\/educacao.ufpr.br\/tessitura\/wp-json\/wp\/v2\/users\/1075"}],"replies":[{"embeddable":true,"href":"https:\/\/educacao.ufpr.br\/tessitura\/wp-json\/wp\/v2\/comments?post=32"}],"version-history":[{"count":7,"href":"https:\/\/educacao.ufpr.br\/tessitura\/wp-json\/wp\/v2\/pages\/32\/revisions"}],"predecessor-version":[{"id":128,"href":"https:\/\/educacao.ufpr.br\/tessitura\/wp-json\/wp\/v2\/pages\/32\/revisions\/128"}],"up":[{"embeddable":true,"href":"https:\/\/educacao.ufpr.br\/tessitura\/wp-json\/wp\/v2\/pages\/28"}],"wp:attachment":[{"href":"https:\/\/educacao.ufpr.br\/tessitura\/wp-json\/wp\/v2\/media?parent=32"}],"curies":[{"name":"wp","href":"https:\/\/api.w.org\/{rel}","templated":true}]}}

<p><a href="https://educacao.ufpr.br/tessitura/wp-content/uploads/sites/11/2021/09/E-book-Complexidade-e-formação-de-professores-tessituras-possíveis-2021-1.pdf" target="_blank" rel="noopener"><img fetchpriority="high" decoding="async" class="wp-image-101 aligncenter" src="https://educacao.ufpr.br/tessitura/wp-content/uploads/sites/11/2021/09/Capa_Ebook1.jpg" alt="" width="248" height="355" srcset="https://educacao.ufpr.br/tessitura/wp-content/uploads/sites/11/2021/09/Capa_Ebook1.jpg 489w, https://educacao.ufpr.br/tessitura/wp-content/uploads/sites/11/2021/09/Capa_Ebook1-210x300.jpg 210w" sizes="(max-width: 248px) 100vw, 248px" /></a></p>
<p style="text-align: center"><a href="https://educacao.ufpr.br/tessitura/wp-content/uploads/sites/11/2021/09/E-book-Complexidade-e-formação-de-professores-tessituras-possíveis-2021-1.pdf" target="_blank" rel="noopener">Complexidade e Formação de Professores: tessituras possíveis</a></p>

<p>Complexidade e Formação de Professores: tessituras possíveis</p>
